{"id":7303,"date":"2026-02-05T16:41:26","date_gmt":"2026-02-05T16:41:26","guid":{"rendered":"https:\/\/www.golfcenteralmeria.com\/?post_type=product&#038;p=7303"},"modified":"2026-05-02T23:04:42","modified_gmt":"2026-05-02T23:04:42","slug":"driver-ping-k","status":"publish","type":"product","link":"https:\/\/www.golfcenteralmeria.com\/?product=driver-ping-k","title":{"rendered":"Driver Ping K"},"content":{"rendered":"<p>Con un MOI r\u00e9cord, el driver PING G440 K es nuestro modelo m\u00e1s recto y con mayor perd\u00f3n, ofreciendo velocidades de bola m\u00e1s r\u00e1pidas y ajustabilidad del centro de gravedad para maximizar la distancia. Gracias al ahorro de peso de su corona y suela de carbono, se logra un CG m\u00e1s bajo y atr\u00e1s, lo que genera mayores velocidades de bola y resultados m\u00e1s largos y rectos.<\/p>\n","protected":false},"excerpt":{"rendered":"<p><img loading=\"lazy\" decoding=\"async\" class=\"alignleft size-full wp-image-7305\" src=\"https:\/\/www.golfcenteralmeria.com\/wp-content\/uploads\/2026\/02\/llamanos-web-golf-center.png\" alt=\"\" width=\"267\" height=\"154\" srcset=\"https:\/\/i0.wp.com\/www.golfcenteralmeria.com\/wp-content\/uploads\/2026\/02\/llamanos-web-golf-center.png?w=267&amp;ssl=1 267w, https:\/\/i0.wp.com\/www.golfcenteralmeria.com\/wp-content\/uploads\/2026\/02\/llamanos-web-golf-center.png?resize=104%2C60&amp;ssl=1 104w, https:\/\/i0.wp.com\/www.golfcenteralmeria.com\/wp-content\/uploads\/2026\/02\/llamanos-web-golf-center.png?resize=156%2C90&amp;ssl=1 156w\" sizes=\"auto, (max-width: 267px) 100vw, 267px\" \/><\/p>\n<p>&nbsp;<\/p>\n<p>PARA COMPRAR ESTE PRODUCTO CONSULTANOS LAS DIFERENTES OPOCIONES<\/p>\n<p>Con un MOI r\u00e9cord, el driver PING G440 K es nuestro modelo m\u00e1s recto y con mayor perd\u00f3n, ofreciendo velocidades de bola m\u00e1s r\u00e1pidas y ajustabilidad del centro de gravedad para maximizar la distancia. Gracias al ahorro de peso de su corona y suela de carbono, se logra un CG m\u00e1s bajo y atr\u00e1s, lo que genera mayores velocidades de bola y resultados m\u00e1s largos y rectos.<\/p>\n","protected":false},"featured_media":7304,"comment_status":"open","ping_status":"closed","template":"","meta":[],"product_brand":[],"product_cat":[77,78],"product_tag":[],"class_list":{"0":"post-7303","1":"product","2":"type-product","3":"status-publish","4":"has-post-thumbnail","6":"product_cat-palos-de-golf","7":"product_cat-drivers","8":"pa_marca-ping","10":"first","11":"outofstock","12":"taxable","13":"shipping-taxable","14":"purchasable","15":"product-type-simple"},"jetpack-related-posts":[],"jetpack_sharing_enabled":true,"_links":{"self":[{"href":"https:\/\/www.golfcenteralmeria.com\/index.php?rest_route=\/wp\/v2\/product\/7303","targetHints":{"allow":["GET"]}}],"collection":[{"href":"https:\/\/www.golfcenteralmeria.com\/index.php?rest_route=\/wp\/v2\/product"}],"about":[{"href":"https:\/\/www.golfcenteralmeria.com\/index.php?rest_route=\/wp\/v2\/types\/product"}],"replies":[{"embeddable":true,"href":"https:\/\/www.golfcenteralmeria.com\/index.php?rest_route=%2Fwp%2Fv2%2Fcomments&post=7303"}],"wp:featuredmedia":[{"embeddable":true,"href":"https:\/\/www.golfcenteralmeria.com\/index.php?rest_route=\/wp\/v2\/media\/7304"}],"wp:attachment":[{"href":"https:\/\/www.golfcenteralmeria.com\/index.php?rest_route=%2Fwp%2Fv2%2Fmedia&parent=7303"}],"wp:term":[{"taxonomy":"product_brand","embeddable":true,"href":"https:\/\/www.golfcenteralmeria.com\/index.php?rest_route=%2Fwp%2Fv2%2Fproduct_brand&post=7303"},{"taxonomy":"product_cat","embeddable":true,"href":"https:\/\/www.golfcenteralmeria.com\/index.php?rest_route=%2Fwp%2Fv2%2Fproduct_cat&post=7303"},{"taxonomy":"product_tag","embeddable":true,"href":"https:\/\/www.golfcenteralmeria.com\/index.php?rest_route=%2Fwp%2Fv2%2Fproduct_tag&post=7303"}],"curies":[{"name":"wp","href":"https:\/\/api.w.org\/{rel}","templated":true}]}}