{"id":6631,"date":"2026-01-26T14:11:06","date_gmt":"2026-01-26T14:11:06","guid":{"rendered":"https:\/\/www.golfcenteralmeria.com\/?post_type=product&#038;p=6631"},"modified":"2026-01-26T14:11:07","modified_gmt":"2026-01-26T14:11:07","slug":"madera-de-calle-taylormade-qi4d-max","status":"publish","type":"product","link":"https:\/\/www.golfcenteralmeria.com\/?product=madera-de-calle-taylormade-qi4d-max","title":{"rendered":"Madera de calle TaylorMade Qi4D Max"},"content":{"rendered":"<h3>Madera de calle TaylorMade Qi4D Max<\/h3>\n<p><strong>M\u00e1xima tolerancia y f\u00e1cil lanzamiento: la madera para golfistas que buscan estabilidad y confianza.<\/strong><\/p>\n<p><strong>Velocidad a trav\u00e9s de la tolerancia: dise\u00f1ada para ofrecer comodidad y control<\/strong><\/p>\n<p>La madera TaylorMade Qi4D Max es la soluci\u00f3n definitiva para los jugadores que buscan un madera f\u00e1cil de jugar con la m\u00e1xima tolerancia. La <strong>enorme cabeza de 200 cc<\/strong> es un 17 % m\u00e1s grande que el modelo Tour y un 5 % m\u00e1s grande que el modelo est\u00e1ndar, lo que proporciona mayor confianza y estabilidad. La cara m\u00e1s plana facilita el lanzamiento y convierte al Qi4D Max en un aut\u00e9ntico \u00abmini-mini-driver\u00bb.<\/p>\n<p>Se ha optimizado la distribuci\u00f3n del peso: el <strong>sistema Trajectory Adjustment System<\/strong> coloca la masa en la parte trasera de la cabeza, aumenta el MOI y proporciona m\u00e1s estabilidad en los golpes que no son perfectos. El <strong>Speed Pocket\u2122<\/strong> protege la velocidad de la bola en los golpes bajos, mientras que la <strong>tecnolog\u00eda Twist Face\u2122<\/strong> garantiza golpes rectos en los fallos.<\/p>\n<h3><strong>Detalles del producto<\/strong><\/h3>\n<ul>\n<li>Cabeza de gran tama\u00f1o (200 cc) para una m\u00e1xima estabilidad y tolerancia a los errores<\/li>\n<li>Cara plana para un lanzamiento f\u00e1cil<\/li>\n<li>Construcci\u00f3n multimaterial para una distribuci\u00f3n optimizada del peso<\/li>\n<li>Un peso ajustable (8 g) para una personalizaci\u00f3n individual<\/li>\n<li>Manguito de loft de 4\u00b0 (solo en Wood 3 y 5) para ajustar el loft, el lie y el \u00e1ngulo de la cara<\/li>\n<li>Speed Pocket\u2122 para una velocidad adicional en golpes profundos<\/li>\n<li>Twist Face\u2122 para golpes rectos en caso de fallos<\/li>\n<li>Varillas REAX\u2122 para un ajuste preciso<\/li>\n<li>Empu\u00f1adura: Golf Pride Z-Grip Black\/Silver (52 g)<\/li>\n<\/ul>\n","protected":false},"excerpt":{"rendered":"<h3>Madera de calle TaylorMade Qi4D Max<\/h3>\n<p><strong>M\u00e1xima tolerancia y f\u00e1cil lanzamiento: la madera para golfistas que buscan estabilidad y confianza.<\/strong><\/p>\n<p><strong>Velocidad a trav\u00e9s de la tolerancia: dise\u00f1ada para ofrecer comodidad y control<\/strong><\/p>\n<p>La madera TaylorMade Qi4D Max es la soluci\u00f3n definitiva para los jugadores que buscan un madera f\u00e1cil de jugar con la m\u00e1xima tolerancia. La <strong>enorme cabeza de 200 cc<\/strong> es un 17 % m\u00e1s grande que el modelo Tour y un 5 % m\u00e1s grande que el modelo est\u00e1ndar, lo que proporciona mayor confianza y estabilidad. La cara m\u00e1s plana facilita el lanzamiento y convierte al Qi4D Max en un aut\u00e9ntico \u00abmini-mini-driver\u00bb.<\/p>\n","protected":false},"featured_media":6632,"comment_status":"open","ping_status":"closed","template":"","meta":[],"product_brand":[],"product_cat":[77,180],"product_tag":[],"class_list":{"0":"post-6631","1":"product","2":"type-product","3":"status-publish","4":"has-post-thumbnail","6":"product_cat-palos-de-golf","7":"product_cat-maderas-de-calle","8":"pa_marca-taylor-made","10":"first","11":"instock","12":"taxable","13":"shipping-taxable","14":"purchasable","15":"product-type-variable"},"jetpack-related-posts":[],"jetpack_sharing_enabled":true,"_links":{"self":[{"href":"https:\/\/www.golfcenteralmeria.com\/index.php?rest_route=\/wp\/v2\/product\/6631","targetHints":{"allow":["GET"]}}],"collection":[{"href":"https:\/\/www.golfcenteralmeria.com\/index.php?rest_route=\/wp\/v2\/product"}],"about":[{"href":"https:\/\/www.golfcenteralmeria.com\/index.php?rest_route=\/wp\/v2\/types\/product"}],"replies":[{"embeddable":true,"href":"https:\/\/www.golfcenteralmeria.com\/index.php?rest_route=%2Fwp%2Fv2%2Fcomments&post=6631"}],"wp:featuredmedia":[{"embeddable":true,"href":"https:\/\/www.golfcenteralmeria.com\/index.php?rest_route=\/wp\/v2\/media\/6632"}],"wp:attachment":[{"href":"https:\/\/www.golfcenteralmeria.com\/index.php?rest_route=%2Fwp%2Fv2%2Fmedia&parent=6631"}],"wp:term":[{"taxonomy":"product_brand","embeddable":true,"href":"https:\/\/www.golfcenteralmeria.com\/index.php?rest_route=%2Fwp%2Fv2%2Fproduct_brand&post=6631"},{"taxonomy":"product_cat","embeddable":true,"href":"https:\/\/www.golfcenteralmeria.com\/index.php?rest_route=%2Fwp%2Fv2%2Fproduct_cat&post=6631"},{"taxonomy":"product_tag","embeddable":true,"href":"https:\/\/www.golfcenteralmeria.com\/index.php?rest_route=%2Fwp%2Fv2%2Fproduct_tag&post=6631"}],"curies":[{"name":"wp","href":"https:\/\/api.w.org\/{rel}","templated":true}]}}