{"id":6582,"date":"2026-01-26T11:53:15","date_gmt":"2026-01-26T11:53:15","guid":{"rendered":"https:\/\/www.golfcenteralmeria.com\/?post_type=product&#038;p=6582"},"modified":"2026-01-26T11:53:16","modified_gmt":"2026-01-26T11:53:16","slug":"driver-taylormade-qi4d-max-lite","status":"publish","type":"product","link":"https:\/\/www.golfcenteralmeria.com\/?product=driver-taylormade-qi4d-max-lite","title":{"rendered":"Driver TaylorMade Qi4D Max Lite"},"content":{"rendered":"<h3>Driver TaylorMade Qi4D Max Lite<\/h3>\n<p><strong>Ultraligero y con la m\u00e1xima tolerancia: el driver para golfistas que buscan velocidad y comodidad.<\/strong><\/p>\n<p><strong>Construcci\u00f3n ligera para mayor velocidad<\/strong><\/p>\n<p>El TaylorMade Qi4D Max Lite es la variante m\u00e1s ligera de la serie Qi4D y ha sido desarrollado especialmente para jugadores que desean una mayor velocidad de la cabeza del palo y una f\u00e1cil jugabilidad. Gracias al innovador <strong>collar de aluminio 7075<\/strong>, m\u00e1s ligero que el titanio, este driver ofrece la m\u00e1xima ajustabilidad con un peso reducido. La forma sobredimensionada de la cabeza proporciona un alto MOI (momento de inercia) y, por lo tanto, la m\u00e1xima tolerancia sin comprometer la velocidad.<\/p>\n<p>La cara <strong>60X Carbon Twist Face\u2122<\/strong> proporciona un enorme ahorro de peso, una mayor velocidad de la bola y un rendimiento m\u00e1s uniforme en comparaci\u00f3n con las caras de titanio. El nuevo dise\u00f1o del radio de rodadura garantiza un spin consistente en los golpes en toda la cara.<\/p>\n<h3><strong>Detalles del producto<\/strong><\/h3>\n<ul>\n<li>Construcci\u00f3n ultraligera para una mayor velocidad de swing<\/li>\n<li>Cabeza de gran tama\u00f1o para una estabilidad y tolerancia m\u00e1ximas<\/li>\n<li>Collar de aluminio 7075 para un ajuste preciso<\/li>\n<li>60X Carbon Twist Face\u2122 para una mayor velocidad de la bola y consistencia<\/li>\n<li>Speed Pocket\u2122 para una velocidad adicional en golpes bajos<\/li>\n<li>Construcci\u00f3n multimaterial para una distribuci\u00f3n optimizada del peso<\/li>\n<li>Peso ajustable (4 g) para una personalizaci\u00f3n individual<\/li>\n<li>Manguito de loft de 4\u00b0 a juego para ajustar el loft, el lie y la cara de golpeo<\/li>\n<li>Varillas REAX\u2122 para un ajuste preciso basado en millones de datos de swing<\/li>\n<li>Empu\u00f1adura para hombre: Golf Pride Z-Grip Black\/White (43 g)<\/li>\n<li>Empu\u00f1adura para mujeres: Golf Pride Tour Velvet 360 Grey Cap (44 g)<\/li>\n<\/ul>\n","protected":false},"excerpt":{"rendered":"<h3>Driver TaylorMade Qi4D Max Lite<\/h3>\n<p><strong>Ultraligero y con la m\u00e1xima tolerancia: el driver para golfistas que buscan velocidad y comodidad.<\/strong><\/p>\n<p><strong>Construcci\u00f3n ligera para mayor velocidad<\/strong><\/p>\n<p>El TaylorMade Qi4D Max Lite es la variante m\u00e1s ligera de la serie Qi4D y ha sido desarrollado especialmente para jugadores que desean una mayor velocidad de la cabeza del palo y una f\u00e1cil jugabilidad. Gracias al innovador <strong>collar de aluminio 7075<\/strong>, m\u00e1s ligero que el titanio, este driver ofrece la m\u00e1xima ajustabilidad con un peso reducido. La forma sobredimensionada de la cabeza proporciona un alto MOI (momento de inercia) y, por lo tanto, la m\u00e1xima tolerancia sin comprometer la velocidad.<\/p>\n","protected":false},"featured_media":6583,"comment_status":"open","ping_status":"closed","template":"","meta":[],"product_brand":[],"product_cat":[77,78],"product_tag":[],"class_list":{"0":"post-6582","1":"product","2":"type-product","3":"status-publish","4":"has-post-thumbnail","6":"product_cat-palos-de-golf","7":"product_cat-drivers","8":"pa_marca-taylor-made","10":"first","11":"instock","12":"taxable","13":"shipping-taxable","14":"purchasable","15":"product-type-variable"},"jetpack-related-posts":[],"jetpack_sharing_enabled":true,"_links":{"self":[{"href":"https:\/\/www.golfcenteralmeria.com\/index.php?rest_route=\/wp\/v2\/product\/6582","targetHints":{"allow":["GET"]}}],"collection":[{"href":"https:\/\/www.golfcenteralmeria.com\/index.php?rest_route=\/wp\/v2\/product"}],"about":[{"href":"https:\/\/www.golfcenteralmeria.com\/index.php?rest_route=\/wp\/v2\/types\/product"}],"replies":[{"embeddable":true,"href":"https:\/\/www.golfcenteralmeria.com\/index.php?rest_route=%2Fwp%2Fv2%2Fcomments&post=6582"}],"wp:featuredmedia":[{"embeddable":true,"href":"https:\/\/www.golfcenteralmeria.com\/index.php?rest_route=\/wp\/v2\/media\/6583"}],"wp:attachment":[{"href":"https:\/\/www.golfcenteralmeria.com\/index.php?rest_route=%2Fwp%2Fv2%2Fmedia&parent=6582"}],"wp:term":[{"taxonomy":"product_brand","embeddable":true,"href":"https:\/\/www.golfcenteralmeria.com\/index.php?rest_route=%2Fwp%2Fv2%2Fproduct_brand&post=6582"},{"taxonomy":"product_cat","embeddable":true,"href":"https:\/\/www.golfcenteralmeria.com\/index.php?rest_route=%2Fwp%2Fv2%2Fproduct_cat&post=6582"},{"taxonomy":"product_tag","embeddable":true,"href":"https:\/\/www.golfcenteralmeria.com\/index.php?rest_route=%2Fwp%2Fv2%2Fproduct_tag&post=6582"}],"curies":[{"name":"wp","href":"https:\/\/api.w.org\/{rel}","templated":true}]}}