{"id":6480,"date":"2026-01-26T09:11:26","date_gmt":"2026-01-26T09:11:26","guid":{"rendered":"https:\/\/www.golfcenteralmeria.com\/?post_type=product&#038;p=6480"},"modified":"2026-01-26T09:11:27","modified_gmt":"2026-01-26T09:11:27","slug":"putter-dfx-2-ball-blade-34","status":"publish","type":"product","link":"https:\/\/www.golfcenteralmeria.com\/?product=putter-dfx-2-ball-blade-34","title":{"rendered":"Putter DFX 2-Ball Blade 34&#8243;"},"content":{"rendered":"<div id=\"collapsedescription\" class=\"collapse in\" role=\"tabpanel\" aria-labelledby=\"headingdescription\">\n<div class=\"card-block\">\n<div class=\"product-description\">\n<p>El <b>Putter Odyssey DFX 2-Ball Blade\u00a0<\/b> combina la ic\u00f3nica alineaci\u00f3n 2-Ball con un dise\u00f1o de hoja tradicional. El cuello tipo crank proporciona una ca\u00edda m\u00ednima de la punta, ideal para golpes con menos rotaci\u00f3n y arco de la cara.<\/p>\n<p>El <strong>Putter Odyssey DFX 2-Ball Blade <\/strong>\u00a0destaca por las siguientes caracter\u00edsticas:<\/p>\n<ul>\n<li><strong>Dise\u00f1o de alineaci\u00f3n 2-Ball<\/strong>: Presenta la ic\u00f3nica alineaci\u00f3n 2-Ball en un chasis tipo hoja, facilitando una mejor alineaci\u00f3n de la bola.<\/li>\n<li><strong>Inserto DFX<\/strong>: El inserto m\u00e1s suave de Odyssey, dise\u00f1ado para ofrecer mayor control y una sensaci\u00f3n mejorada en el impacto, reduciendo la vibraci\u00f3n y mejorando la consistencia en el rodamiento de la bola.<\/li>\n<li><strong>Varilla de acero Odyssey Stepped 2.0 Chrome<\/strong>: Una varilla ligera que proporciona equilibrio y estabilidad \u00f3ptimos durante el golpe.<\/li>\n<li><strong>Grip Oversize<\/strong>: Ofrece mayor tracci\u00f3n en la mano, minimizando movimientos no deseados y permitiendo una colocaci\u00f3n estable de las manos, mejorando el control del golpe.<\/li>\n<li><strong>Acabado en carb\u00f3n<\/strong>: Un elegante acabado en color carb\u00f3n que resalta el dise\u00f1o del putter, con el inserto negro integr\u00e1ndose perfectamente y enmarcando la bola para una mejor alineaci\u00f3n.<\/li>\n<\/ul>\n<ul>\n<li><b>Grip OS<\/b>\u00a0 Mayor tracci\u00f3n en la mano para un agarre m\u00e1s seguro y mejor rendimiento.<\/li>\n<\/ul>\n<p><strong>Especificaciones t\u00e9cnicas<\/strong>:<\/p>\n<ul>\n<li>Tipo de putter: Blade (hoja)<\/li>\n<li>\u00c1ngulo de apoyo (Lie): 70\u00b0<\/li>\n<li>Loft: 3\u00b0<\/li>\n<li>Toe Hang: 30\u00b0<\/li>\n<li>Peso: 360 g<\/li>\n<\/ul>\n<p>Este putter es ideal para jugadores que buscan una sensaci\u00f3n suave en el impacto y una alineaci\u00f3n precisa en sus golpes.<\/p>\n<\/div>\n<\/div>\n<\/div>\n","protected":false},"excerpt":{"rendered":"<p>El <b>Putter Odyssey DFX 2-Ball Blade\u00a0<\/b> combina la ic\u00f3nica alineaci\u00f3n 2-Ball con un dise\u00f1o de hoja tradicional. El cuello tipo crank proporciona una ca\u00edda m\u00ednima de la punta, ideal para golpes con menos rotaci\u00f3n y arco de la cara.<\/p>\n","protected":false},"featured_media":6481,"comment_status":"open","ping_status":"closed","template":"","meta":[],"product_brand":[],"product_cat":[77,107],"product_tag":[],"class_list":{"0":"post-6480","1":"product","2":"type-product","3":"status-publish","4":"has-post-thumbnail","6":"product_cat-palos-de-golf","7":"product_cat-putters","8":"pa_marca-odyssey","10":"first","11":"instock","12":"sale","13":"taxable","14":"shipping-taxable","15":"purchasable","16":"product-type-simple"},"jetpack-related-posts":[],"jetpack_sharing_enabled":true,"_links":{"self":[{"href":"https:\/\/www.golfcenteralmeria.com\/index.php?rest_route=\/wp\/v2\/product\/6480","targetHints":{"allow":["GET"]}}],"collection":[{"href":"https:\/\/www.golfcenteralmeria.com\/index.php?rest_route=\/wp\/v2\/product"}],"about":[{"href":"https:\/\/www.golfcenteralmeria.com\/index.php?rest_route=\/wp\/v2\/types\/product"}],"replies":[{"embeddable":true,"href":"https:\/\/www.golfcenteralmeria.com\/index.php?rest_route=%2Fwp%2Fv2%2Fcomments&post=6480"}],"wp:featuredmedia":[{"embeddable":true,"href":"https:\/\/www.golfcenteralmeria.com\/index.php?rest_route=\/wp\/v2\/media\/6481"}],"wp:attachment":[{"href":"https:\/\/www.golfcenteralmeria.com\/index.php?rest_route=%2Fwp%2Fv2%2Fmedia&parent=6480"}],"wp:term":[{"taxonomy":"product_brand","embeddable":true,"href":"https:\/\/www.golfcenteralmeria.com\/index.php?rest_route=%2Fwp%2Fv2%2Fproduct_brand&post=6480"},{"taxonomy":"product_cat","embeddable":true,"href":"https:\/\/www.golfcenteralmeria.com\/index.php?rest_route=%2Fwp%2Fv2%2Fproduct_cat&post=6480"},{"taxonomy":"product_tag","embeddable":true,"href":"https:\/\/www.golfcenteralmeria.com\/index.php?rest_route=%2Fwp%2Fv2%2Fproduct_tag&post=6480"}],"curies":[{"name":"wp","href":"https:\/\/api.w.org\/{rel}","templated":true}]}}