{"id":6475,"date":"2026-01-26T09:00:20","date_gmt":"2026-01-26T09:00:20","guid":{"rendered":"https:\/\/www.golfcenteralmeria.com\/?post_type=product&#038;p=6475"},"modified":"2026-01-26T09:01:41","modified_gmt":"2026-01-26T09:01:41","slug":"odyssey-putter-ai-dual-square-2-square-seven-os","status":"publish","type":"product","link":"https:\/\/www.golfcenteralmeria.com\/?product=odyssey-putter-ai-dual-square-2-square-seven-os","title":{"rendered":"Odyssey Putter Ai-Dual Square 2 Square Seven OS 34&#8243;"},"content":{"rendered":"<p>El Odyssey Ai-DUAL Square 2 Square #7 es un putter tipo Mallet con <strong>dise\u00f1o de eje central<\/strong> que coloca el eje justo debajo del eje del centro de gravedad. De este modo, el putter descansa con la punta hacia arriba y pertenece a la categor\u00eda <strong>\u00abZero Torque\u00bb<\/strong>, lo que favorece una cara absolutamente cuadrada durante todo el recorrido del putt. Con la nueva <strong>inserci\u00f3n Ai-DUAL<\/strong> y la agresiva <strong>tecnolog\u00eda FRD Groove<\/strong>, ofrece una velocidad constante, un mejor rodamiento hacia delante y una sensaci\u00f3n de golpe incomparable.<\/p>\n<h3><strong>Caracter\u00edsticas principales<\/strong><\/h3>\n<p>\u2705 <strong>Inserto Ai-DUAL<\/strong><br \/>\nDesarrollado por inteligencia artificial: dos capas, una exterior blanda y otra interior firme, garantizan <strong>una velocidad constante de la bola en toda la cara del palo<\/strong>, un mejor rodamiento hacia delante y una sensaci\u00f3n de golpeo suave.<\/p>\n<p>\u2705 <strong>Ranuras FRD (Forward Roll Design)<\/strong><br \/>\nLas ranuras m\u00e1s agresivas y profundas, con una inclinaci\u00f3n de 19\u00b0, favorecen un rodamiento hacia delante uniforme y reducen los efectos de derrape.<\/p>\n<p>\u2705 <strong>Dise\u00f1o Modern Center Shafted<\/strong><br \/>\nEje centrado por debajo del eje CG para <strong>un torque cero<\/strong> y una cara Square durante todo el recorrido del putt.<\/p>\n<p>\u2705 <strong>Presi\u00f3n hacia delante incorporada<\/strong><br \/>\nInclinaci\u00f3n del eje de 2\u00b0 para un movimiento hacia delante preajustado de las manos, lo que elimina la apertura de la cara del palo con el propio Forward Press.<\/p>\n<p>\u2705 <strong>Reverse Taper Grip<\/strong><br \/>\nDise\u00f1ado espec\u00edficamente para compensar la inclinaci\u00f3n de la varilla y garantizar una posici\u00f3n c\u00f3moda y paralela del agarre.<\/p>\n<p>\u2705 <strong>Varilla SL 120<\/strong><br \/>\nM\u00e1s pesada y r\u00edgida que la SL90, basada en los comentarios del Tour, ideal para una estabilidad m\u00e1xima.<\/p>\n<hr \/>\n","protected":false},"excerpt":{"rendered":"<p>El Odyssey Ai-DUAL Square 2 Square #7 es un putter tipo Mallet con <strong>dise\u00f1o de eje central<\/strong> que coloca el eje justo debajo del eje del centro de gravedad. De este modo, el putter descansa con la punta hacia arriba y pertenece a la categor\u00eda <strong>\u00abZero Torque\u00bb<\/strong>, lo que favorece una cara absolutamente cuadrada durante todo el recorrido del putt. Con la nueva <strong>inserci\u00f3n Ai-DUAL<\/strong> y la agresiva <strong>tecnolog\u00eda FRD Groove<\/strong>, ofrece una velocidad constante, un mejor rodamiento hacia delante y una sensaci\u00f3n de golpe incomparable.<\/p>\n","protected":false},"featured_media":6476,"comment_status":"open","ping_status":"closed","template":"","meta":[],"product_brand":[],"product_cat":[77,107],"product_tag":[],"class_list":{"0":"post-6475","1":"product","2":"type-product","3":"status-publish","4":"has-post-thumbnail","6":"product_cat-palos-de-golf","7":"product_cat-putters","8":"pa_marca-odyssey","10":"first","11":"instock","12":"sale","13":"taxable","14":"shipping-taxable","15":"purchasable","16":"product-type-simple"},"jetpack-related-posts":[],"jetpack_sharing_enabled":true,"_links":{"self":[{"href":"https:\/\/www.golfcenteralmeria.com\/index.php?rest_route=\/wp\/v2\/product\/6475","targetHints":{"allow":["GET"]}}],"collection":[{"href":"https:\/\/www.golfcenteralmeria.com\/index.php?rest_route=\/wp\/v2\/product"}],"about":[{"href":"https:\/\/www.golfcenteralmeria.com\/index.php?rest_route=\/wp\/v2\/types\/product"}],"replies":[{"embeddable":true,"href":"https:\/\/www.golfcenteralmeria.com\/index.php?rest_route=%2Fwp%2Fv2%2Fcomments&post=6475"}],"wp:featuredmedia":[{"embeddable":true,"href":"https:\/\/www.golfcenteralmeria.com\/index.php?rest_route=\/wp\/v2\/media\/6476"}],"wp:attachment":[{"href":"https:\/\/www.golfcenteralmeria.com\/index.php?rest_route=%2Fwp%2Fv2%2Fmedia&parent=6475"}],"wp:term":[{"taxonomy":"product_brand","embeddable":true,"href":"https:\/\/www.golfcenteralmeria.com\/index.php?rest_route=%2Fwp%2Fv2%2Fproduct_brand&post=6475"},{"taxonomy":"product_cat","embeddable":true,"href":"https:\/\/www.golfcenteralmeria.com\/index.php?rest_route=%2Fwp%2Fv2%2Fproduct_cat&post=6475"},{"taxonomy":"product_tag","embeddable":true,"href":"https:\/\/www.golfcenteralmeria.com\/index.php?rest_route=%2Fwp%2Fv2%2Fproduct_tag&post=6475"}],"curies":[{"name":"wp","href":"https:\/\/api.w.org\/{rel}","templated":true}]}}