{"id":5438,"date":"2025-05-06T08:45:52","date_gmt":"2025-05-06T08:45:52","guid":{"rendered":"https:\/\/www.golfcenteralmeria.com\/?post_type=product&#038;p=5438"},"modified":"2026-02-05T16:19:51","modified_gmt":"2026-02-05T16:19:51","slug":"mini-driver-taylormade-r7-quad-11-5o-r-flex","status":"publish","type":"product","link":"https:\/\/www.golfcenteralmeria.com\/?product=mini-driver-taylormade-r7-quad-11-5o-r-flex","title":{"rendered":"Mini Driver TaylorMade R7 Quad 11.5\u00ba R flex"},"content":{"rendered":"<p>RENDIMIENTO PARA EL JUGADOR MODERNO<br \/>\nInspirado en uno de los modelos m\u00e1s emblem\u00e1ticos de la historia de TaylorMade, el R7 Quad Mini Driver rinde homenaje a lo que vino antes, al tiempo que crea su propia identidad moderna.<\/p>\n<p>SISTEMA DE LASTRE CU\u00c1DRUPLE R7<\/p>\n<p>Con cuatro pesos m\u00f3viles (13 g x2, 4 g x2), el mini driver R7 Quad te ofrece las m\u00e1ximas posibilidades de ajuste para afinar los efectos, la trayectoria y la forma del tiro exactamente a tu gusto.<\/p>\n<p>LA MIRADA DE LA CONFIANZA<\/p>\n<p>Con una corona Infinity Carbon con acabado satinado, el perfil del driver R7 Quad Mini inspira confianza en la posici\u00f3n de juego. La corona tambi\u00e9n permiti\u00f3 a los dise\u00f1adores reposicionar estrat\u00e9gicamente la masa en \u00e1reas del palo donde se utiliza con mayor eficacia.<\/p>\n","protected":false},"excerpt":{"rendered":"<p>11.5\u00ba Regular flex<\/p>\n<p>RENDIMIENTO PARA EL JUGADOR MODERNO<br \/>\nInspirado en uno de los modelos m\u00e1s emblem\u00e1ticos de la historia de TaylorMade, el R7 Quad Mini Driver rinde homenaje a lo que vino antes, al tiempo que crea su propia identidad moderna.<\/p>\n<p>SISTEMA DE LASTRE CU\u00c1DRUPLE R7<\/p>\n<p>Con cuatro pesos m\u00f3viles (13 g x2, 4 g x2), el mini driver R7 Quad te ofrece las m\u00e1ximas posibilidades de ajuste para afinar los efectos, la trayectoria y la forma del tiro exactamente a tu gusto.<\/p>\n<p>LA MIRADA DE LA CONFIANZA<\/p>\n<p>Con una corona Infinity Carbon con acabado satinado, el perfil del driver R7 Quad Mini inspira confianza en la posici\u00f3n de juego. La corona tambi\u00e9n permiti\u00f3 a los dise\u00f1adores reposicionar estrat\u00e9gicamente la masa en \u00e1reas del palo donde se utiliza con mayor eficacia.<\/p>\n","protected":false},"featured_media":5439,"comment_status":"open","ping_status":"closed","template":"","meta":[],"product_brand":[],"product_cat":[77,78],"product_tag":[],"class_list":{"0":"post-5438","1":"product","2":"type-product","3":"status-publish","4":"has-post-thumbnail","6":"product_cat-palos-de-golf","7":"product_cat-drivers","8":"pa_marca-taylor-made","10":"first","11":"outofstock","12":"taxable","13":"shipping-taxable","14":"purchasable","15":"product-type-simple"},"jetpack-related-posts":[],"jetpack_sharing_enabled":true,"_links":{"self":[{"href":"https:\/\/www.golfcenteralmeria.com\/index.php?rest_route=\/wp\/v2\/product\/5438","targetHints":{"allow":["GET"]}}],"collection":[{"href":"https:\/\/www.golfcenteralmeria.com\/index.php?rest_route=\/wp\/v2\/product"}],"about":[{"href":"https:\/\/www.golfcenteralmeria.com\/index.php?rest_route=\/wp\/v2\/types\/product"}],"replies":[{"embeddable":true,"href":"https:\/\/www.golfcenteralmeria.com\/index.php?rest_route=%2Fwp%2Fv2%2Fcomments&post=5438"}],"wp:featuredmedia":[{"embeddable":true,"href":"https:\/\/www.golfcenteralmeria.com\/index.php?rest_route=\/wp\/v2\/media\/5439"}],"wp:attachment":[{"href":"https:\/\/www.golfcenteralmeria.com\/index.php?rest_route=%2Fwp%2Fv2%2Fmedia&parent=5438"}],"wp:term":[{"taxonomy":"product_brand","embeddable":true,"href":"https:\/\/www.golfcenteralmeria.com\/index.php?rest_route=%2Fwp%2Fv2%2Fproduct_brand&post=5438"},{"taxonomy":"product_cat","embeddable":true,"href":"https:\/\/www.golfcenteralmeria.com\/index.php?rest_route=%2Fwp%2Fv2%2Fproduct_cat&post=5438"},{"taxonomy":"product_tag","embeddable":true,"href":"https:\/\/www.golfcenteralmeria.com\/index.php?rest_route=%2Fwp%2Fv2%2Fproduct_tag&post=5438"}],"curies":[{"name":"wp","href":"https:\/\/api.w.org\/{rel}","templated":true}]}}