{"id":5403,"date":"2025-05-05T12:17:50","date_gmt":"2025-05-05T12:17:50","guid":{"rendered":"https:\/\/www.golfcenteralmeria.com\/?post_type=product&#038;p=5403"},"modified":"2025-12-01T22:59:49","modified_gmt":"2025-12-01T22:59:49","slug":"hibrido-xxio-13","status":"publish","type":"product","link":"https:\/\/www.golfcenteralmeria.com\/?product=hibrido-xxio-13","title":{"rendered":"Hibrido XXIO 13"},"content":{"rendered":"<div id=\"description\" class=\"data item content\" role=\"tabpanel\" aria-labelledby=\"tab-label-description\" data-role=\"content\" aria-hidden=\"false\">\n<div class=\"product attribute description\">\n<div class=\"value\">\n<p>Hibrido XXIO 13.<\/p>\n<p>ALA ACTIVA Este dise\u00f1o de perfil aerodin\u00e1mico aprovecha las fuerzas aerodin\u00e1micas para estabilizar mejor la cabeza del palo durante el downswing. Ayuda a guiar la cara del palo hacia una posici\u00f3n \u00f3ptima de golpe, lo que le facilita alcanzar el punto \u00f3ptimo y mejorar la velocidad de la bola.<\/p>\n<p>CARA BIFLEX<\/p>\n<p>En las esquinas superiores de los lados de la punta y el tal\u00f3n de BiFlex Face, cada lado tiene su propia forma de borde \u00fanica. El borde de la puntera es estirado y redondeado, mientras que el del tal\u00f3n es estrecho y afilado. Estas geometr\u00edas ajustan espec\u00edficamente la rigidez del borde para satisfacer las necesidades estructurales de cada lado y expandir el \u00e1rea COR alta de la cara. BiFlex Face funciona como un marco resistente alrededor de nuestra cara altamente flexible, reforzando estrat\u00e9gicamente ubicaciones precisas para optimizar la velocidad en toda la cara.<\/p>\n<p>MARCO DE REBOTE<\/p>\n<p>Rebound Frame utiliza capas alternas de zonas r\u00edgidas y flexibles para mejorar el COR general, creando un efecto que act\u00faa como un resorte dentro de un resorte. Agrega velocidad y distancia de la pelota a cada tiro.<\/p>\n<p>PESO M\u00c1S<\/p>\n<p>Nuestro dise\u00f1o patentado coloca la masa en el extremo del eje, debajo del agarre y detr\u00e1s de las manos. Este contrapeso proporciona una salida m\u00e1s f\u00e1cil, te ayuda a encontrar el punto ideal en la parte superior de tu swing y hace que sea m\u00e1s f\u00e1cil soltarlo en el downswing para un contacto m\u00e1s consistente.<\/p>\n<p>CARA DE COPA PLANA<\/p>\n<p>Para mejorar el COR en toda la cara, nuestra cara de copa plana tiene una porci\u00f3n central m\u00e1s grande y delgada. Este dise\u00f1o permite una mayor velocidad y distancia de la pelota sin importar d\u00f3nde la golpees. La cara est\u00e1 hecha de acero especial HT1770M para permitir una cara a\u00fan m\u00e1s delgada y m\u00e1s r\u00e1pida.<\/p>\n<p>Suela de ca\u00f1\u00f3n.<\/p>\n<p>Una almohadilla de peso flotante posiciona el centro de gravedad en cada h\u00edbrido para un lanzamiento y una distancia \u00f3ptimos. Su forma de ca\u00f1\u00f3n \u00fanica nos permite colocar masa donde sea necesario sin impedir la flexibilidad de la cara de cada palo, especialmente \u00fatil para golpes bajos en la cara.<\/p>\n<p>CORONA PASO Una forma de corona escalonada contribuye a la eficacia de Rebound Frame al promover la flexi\u00f3n de la cara. Pero su forma tambi\u00e9n reduce la masa dentro de la cabeza del palo, bajando el centro de gravedad para un lanzamiento m\u00e1s alto y un transporte m\u00e1s largo.<\/p>\n<\/div>\n<\/div>\n<\/div>\n","protected":false},"excerpt":{"rendered":"<div class=\"product attribute overview\">\n<div class=\"value\">\n<p>XXIO: Hibrido XXIO 13.<\/p>\n<p>Los nuevos h\u00edbridos XXIO 13 brindan a los golfistas de velocidad de swing moderada una opci\u00f3n liviana y vers\u00e1til para realizar tiros m\u00e1s largos y rectos desde casi cualquier lugar del campo.<\/p>\n<p>Las tecnolog\u00edas \u00fanicas de XXIO 13 est\u00e1n dise\u00f1adas espec\u00edficamente para golfistas experimentados que hacen swing a 90 mph o menos, mejorando la velocidad, precisi\u00f3n y consistencia de la bola para su golf m\u00e1s f\u00e1cil hasta el momento. Experimente la diferencia.<\/p>\n<\/div>\n<\/div>\n","protected":false},"featured_media":5410,"comment_status":"open","ping_status":"closed","template":"","meta":[],"product_brand":[],"product_cat":[77,185],"product_tag":[],"class_list":{"0":"post-5403","1":"product","2":"type-product","3":"status-publish","4":"has-post-thumbnail","6":"product_cat-palos-de-golf","7":"product_cat-hibridos","8":"pa_marca-xxio","10":"first","11":"instock","12":"taxable","13":"shipping-taxable","14":"purchasable","15":"product-type-variable"},"jetpack-related-posts":[],"jetpack_sharing_enabled":true,"_links":{"self":[{"href":"https:\/\/www.golfcenteralmeria.com\/index.php?rest_route=\/wp\/v2\/product\/5403","targetHints":{"allow":["GET"]}}],"collection":[{"href":"https:\/\/www.golfcenteralmeria.com\/index.php?rest_route=\/wp\/v2\/product"}],"about":[{"href":"https:\/\/www.golfcenteralmeria.com\/index.php?rest_route=\/wp\/v2\/types\/product"}],"replies":[{"embeddable":true,"href":"https:\/\/www.golfcenteralmeria.com\/index.php?rest_route=%2Fwp%2Fv2%2Fcomments&post=5403"}],"wp:featuredmedia":[{"embeddable":true,"href":"https:\/\/www.golfcenteralmeria.com\/index.php?rest_route=\/wp\/v2\/media\/5410"}],"wp:attachment":[{"href":"https:\/\/www.golfcenteralmeria.com\/index.php?rest_route=%2Fwp%2Fv2%2Fmedia&parent=5403"}],"wp:term":[{"taxonomy":"product_brand","embeddable":true,"href":"https:\/\/www.golfcenteralmeria.com\/index.php?rest_route=%2Fwp%2Fv2%2Fproduct_brand&post=5403"},{"taxonomy":"product_cat","embeddable":true,"href":"https:\/\/www.golfcenteralmeria.com\/index.php?rest_route=%2Fwp%2Fv2%2Fproduct_cat&post=5403"},{"taxonomy":"product_tag","embeddable":true,"href":"https:\/\/www.golfcenteralmeria.com\/index.php?rest_route=%2Fwp%2Fv2%2Fproduct_tag&post=5403"}],"curies":[{"name":"wp","href":"https:\/\/api.w.org\/{rel}","templated":true}]}}