{"id":5309,"date":"2025-03-26T10:43:24","date_gmt":"2025-03-26T10:43:24","guid":{"rendered":"https:\/\/www.golfcenteralmeria.com\/?post_type=product&#038;p=5309"},"modified":"2026-02-05T11:51:48","modified_gmt":"2026-02-05T11:51:48","slug":"5309","status":"publish","type":"product","link":"https:\/\/www.golfcenteralmeria.com\/?product=5309","title":{"rendered":"SAND WEDGE WILSON STAFF MODEL"},"content":{"rendered":"<p>Los nuevos wedges Staff Model ZM de Wilson presentan un dise\u00f1o innovador de ranuras ZM de alto spin, garantizando una rotaci\u00f3n y control constantes, sin importar las condiciones meteorol\u00f3gicas o las situaciones de juego. Esta gama de wedges, que ofrece opciones de rebote bajo, medio y alto, inspira confianza a jugadores de todos los niveles para su juego corto. Fabricados en acero al carbono forjado y con una cara maquinada con precisi\u00f3n, estos wedges proporcionan una sensaci\u00f3n suave, una m\u00e1xima eficiencia en los efectos y una mayor capacidad de detenci\u00f3n.<\/p>\n","protected":false},"excerpt":{"rendered":"<p>Los nuevos wedges Staff Model ZM de Wilson presentan un dise\u00f1o innovador de ranuras ZM de alto spin, garantizando una rotaci\u00f3n y control constantes, sin importar las condiciones meteorol\u00f3gicas o las situaciones de juego. Esta gama de wedges, que ofrece opciones de rebote bajo, medio y alto, inspira confianza a jugadores de todos los niveles para su juego corto. Fabricados en acero al carbono forjado y con una cara maquinada con precisi\u00f3n, estos wedges proporcionan una sensaci\u00f3n suave, una m\u00e1xima eficiencia en los efectos y una mayor capacidad de detenci\u00f3n.<\/p>\n","protected":false},"featured_media":5310,"comment_status":"open","ping_status":"closed","template":"","meta":[],"product_brand":[],"product_cat":[77,220],"product_tag":[],"class_list":{"0":"post-5309","1":"product","2":"type-product","3":"status-publish","4":"has-post-thumbnail","6":"product_cat-palos-de-golf","7":"product_cat-wedges","8":"pa_marca-wilson-staff","10":"first","11":"instock","12":"taxable","13":"shipping-taxable","14":"purchasable","15":"product-type-variable"},"jetpack-related-posts":[],"jetpack_sharing_enabled":true,"_links":{"self":[{"href":"https:\/\/www.golfcenteralmeria.com\/index.php?rest_route=\/wp\/v2\/product\/5309","targetHints":{"allow":["GET"]}}],"collection":[{"href":"https:\/\/www.golfcenteralmeria.com\/index.php?rest_route=\/wp\/v2\/product"}],"about":[{"href":"https:\/\/www.golfcenteralmeria.com\/index.php?rest_route=\/wp\/v2\/types\/product"}],"replies":[{"embeddable":true,"href":"https:\/\/www.golfcenteralmeria.com\/index.php?rest_route=%2Fwp%2Fv2%2Fcomments&post=5309"}],"wp:featuredmedia":[{"embeddable":true,"href":"https:\/\/www.golfcenteralmeria.com\/index.php?rest_route=\/wp\/v2\/media\/5310"}],"wp:attachment":[{"href":"https:\/\/www.golfcenteralmeria.com\/index.php?rest_route=%2Fwp%2Fv2%2Fmedia&parent=5309"}],"wp:term":[{"taxonomy":"product_brand","embeddable":true,"href":"https:\/\/www.golfcenteralmeria.com\/index.php?rest_route=%2Fwp%2Fv2%2Fproduct_brand&post=5309"},{"taxonomy":"product_cat","embeddable":true,"href":"https:\/\/www.golfcenteralmeria.com\/index.php?rest_route=%2Fwp%2Fv2%2Fproduct_cat&post=5309"},{"taxonomy":"product_tag","embeddable":true,"href":"https:\/\/www.golfcenteralmeria.com\/index.php?rest_route=%2Fwp%2Fv2%2Fproduct_tag&post=5309"}],"curies":[{"name":"wp","href":"https:\/\/api.w.org\/{rel}","templated":true}]}}