{"id":5096,"date":"2025-03-06T11:56:24","date_gmt":"2025-03-06T11:56:24","guid":{"rendered":"https:\/\/www.golfcenteralmeria.com\/?post_type=product&#038;p=5096"},"modified":"2025-04-19T11:52:22","modified_gmt":"2025-04-19T11:52:22","slug":"set-de-hierros-callaway-elyte-hl","status":"publish","type":"product","link":"https:\/\/www.golfcenteralmeria.com\/?product=set-de-hierros-callaway-elyte-hl","title":{"rendered":"Set de Hierros Callaway Elyte HL"},"content":{"rendered":"<div id=\"collapsedescription\" class=\"collapse in\" role=\"tabpanel\" aria-labelledby=\"headingdescription\">\n<div class=\"card-block\">\n<div class=\"product-description\">\n<p>El <b>set de hierros Callaway Elyte HL <\/b>est\u00e1 dise\u00f1ado para golfistas que buscan mejorar la distancia y el control en el green. A continuaci\u00f3n, se detallan sus caracter\u00edsticas principales:<\/p>\n<p><strong>Tecnolog\u00edas:<\/strong><\/p>\n<ol>\n<li><strong>Velocidad y Sensaci\u00f3n Mejoradas:\u00a0<\/strong>Incorporan la nueva construcci\u00f3n Speed Frame, que conecta el cuerpo con la l\u00ednea superior, proporcionando rigidez en el cuerpo y flexibilidad en la cara del palo. Esto se traduce en velocidades de bola m\u00e1s r\u00e1pidas y una sensaci\u00f3n m\u00e1s n\u00edtida al impacto.<\/li>\n<li><strong>Dise\u00f1o de Suela para Velocidad y Tolerancia:\u00a0<\/strong>El dise\u00f1o de la suela presenta tres secciones diferenciadas que aseguran una interacci\u00f3n eficiente con el c\u00e9sped. Un borde de ataque m\u00e1s afilado y un bisel en el borde de salida permiten una entrada y salida suaves, mientras que la secci\u00f3n media ofrece mayor tolerancia para resultados consistentes desde diversas posiciones.<\/li>\n<li><strong>Cara Ai10x para Distancia, Control y Lanzamiento \u00d3ptimos:\u00a0<\/strong>La nueva cara Ai10x ofrece 10 veces m\u00e1s puntos de control que la anterior Ai Smart Face. Esta precisi\u00f3n mejorada produce velocidades de bola excepcionalmente r\u00e1pidas, una dispersi\u00f3n m\u00e1s ajustada y un lanzamiento optimizado en toda la cara del palo.<\/li>\n<li><strong>Vuelo M\u00e1s Alto y F\u00e1cil:\u00a0<\/strong>El modelo Elyte HL (High Launch) es ideal para golfistas que se benefician de un vuelo de bola m\u00e1s alto. Con m\u00e1s loft y una optimizaci\u00f3n de la cara Ai dise\u00f1ada para aumentar el \u00e1ngulo de lanzamiento, estos hierros permiten maximizar la distancia de vuelo y mejorar la capacidad de frenado en los greens.<\/li>\n<\/ol>\n<p><strong>Puntos de Inter\u00e9s Adicionales:<\/strong><\/p>\n<ul>\n<li><strong>Optimizaci\u00f3n para Velocidades de Swing Moderadas:\u00a0<\/strong>Los hierros Elyte HL han sido ajustados espec\u00edficamente para golfistas con velocidades de swing moderadas. La cara del palo es m\u00e1s activa, lo que ayuda a lograr una mayor altura y a mantener la bola en el aire por m\u00e1s tiempo, mejorando la capacidad de frenado en los greens.<\/li>\n<li><strong>Uso de Microsferas de Uretano:\u00a0<\/strong>Para mejorar el sonido y la sensaci\u00f3n al impacto, Callaway ha incorporado sus microsferas de uretano patentadas dentro de la cabeza del palo, lo que ayuda a amortiguar las vibraciones no deseadas sin comprometer la velocidad de la bola.<\/li>\n<\/ul>\n<p>En resumen, los hierros Callaway Elyte HL combinan tecnolog\u00eda avanzada y dise\u00f1o innovador para ofrecer a los golfistas una herramienta efectiva para mejorar su juego, especialmente en t\u00e9rminos de distancia y control en el green.<\/p>\n<\/div>\n<\/div>\n<\/div>\n","protected":false},"excerpt":{"rendered":"<p>El <b>set de hierros Callaway Elyte HL <\/b>est\u00e1 dise\u00f1ado para golfistas que buscan mejorar la distancia y el control en el green.<\/p>\n","protected":false},"featured_media":5100,"comment_status":"open","ping_status":"closed","template":"","meta":[],"product_brand":[],"product_cat":[77,74],"product_tag":[],"class_list":{"0":"post-5096","1":"product","2":"type-product","3":"status-publish","4":"has-post-thumbnail","6":"product_cat-palos-de-golf","7":"product_cat-hierros","8":"pa_marca-callaway","10":"first","11":"instock","12":"taxable","13":"shipping-taxable","14":"purchasable","15":"product-type-variable"},"jetpack-related-posts":[],"jetpack_sharing_enabled":true,"_links":{"self":[{"href":"https:\/\/www.golfcenteralmeria.com\/index.php?rest_route=\/wp\/v2\/product\/5096","targetHints":{"allow":["GET"]}}],"collection":[{"href":"https:\/\/www.golfcenteralmeria.com\/index.php?rest_route=\/wp\/v2\/product"}],"about":[{"href":"https:\/\/www.golfcenteralmeria.com\/index.php?rest_route=\/wp\/v2\/types\/product"}],"replies":[{"embeddable":true,"href":"https:\/\/www.golfcenteralmeria.com\/index.php?rest_route=%2Fwp%2Fv2%2Fcomments&post=5096"}],"wp:featuredmedia":[{"embeddable":true,"href":"https:\/\/www.golfcenteralmeria.com\/index.php?rest_route=\/wp\/v2\/media\/5100"}],"wp:attachment":[{"href":"https:\/\/www.golfcenteralmeria.com\/index.php?rest_route=%2Fwp%2Fv2%2Fmedia&parent=5096"}],"wp:term":[{"taxonomy":"product_brand","embeddable":true,"href":"https:\/\/www.golfcenteralmeria.com\/index.php?rest_route=%2Fwp%2Fv2%2Fproduct_brand&post=5096"},{"taxonomy":"product_cat","embeddable":true,"href":"https:\/\/www.golfcenteralmeria.com\/index.php?rest_route=%2Fwp%2Fv2%2Fproduct_cat&post=5096"},{"taxonomy":"product_tag","embeddable":true,"href":"https:\/\/www.golfcenteralmeria.com\/index.php?rest_route=%2Fwp%2Fv2%2Fproduct_tag&post=5096"}],"curies":[{"name":"wp","href":"https:\/\/api.w.org\/{rel}","templated":true}]}}