{"id":4835,"date":"2025-02-14T12:26:02","date_gmt":"2025-02-14T12:26:02","guid":{"rendered":"https:\/\/www.golfcenteralmeria.com\/?post_type=product&#038;p=4835"},"modified":"2025-03-03T04:38:36","modified_gmt":"2025-03-03T04:38:36","slug":"putter-cleveland-hb-soft-milled-11-0-ust","status":"publish","type":"product","link":"https:\/\/www.golfcenteralmeria.com\/?product=putter-cleveland-hb-soft-milled-11-0-ust","title":{"rendered":"Putter Cleveland HB Soft Milled 11.0 UST"},"content":{"rendered":"<p><b>Putter Cleveland HB Soft Milled 11.0 UST<\/b><\/p>\n<p>HB SOFT Milled ofrece una actualizaci\u00f3n de eje <b>ALL-IN de UST Mamiya<\/b>. ALL-IN es una vara m\u00e1s resistente con mejor equilibrio que se flexiona menos durante el golpe y el impacto, en sincron\u00eda con otras caracter\u00edsticas de rendimiento de HB SOFT Milled.<\/p>\n<p>El <b>Putter Cleveland HB Soft Milled 11.0 UST<\/b>\u00a0cuenta con un dise\u00f1o de mazo alado combinado con un solo manguito de doblez y una alineaci\u00f3n de tres l\u00edneas de alto contraste, ideal para un golpe recto.La l\u00ednea completamente nueva de putters HB SOFT Milled ofrece una combinaci\u00f3n premium de caracter\u00edsticas y tecnolog\u00edas a un precio irresistible. Con un proceso de fresado nuevo y asequible, hacen que la precisi\u00f3n de fresado est\u00e9 al alcance de todos.<\/p>\n<p><b>Caracter\u00edsticas<\/b><\/p>\n<ul>\n<li><b>Hosel<\/b>: Single Bend<\/li>\n<li><b>Alineamiento<\/b>: 3 l\u00edneas de contraste<\/li>\n<li><b>Peso de la cabeza<\/b>: 370 g<\/li>\n<li><b>\u00c1ngulo de apoyo (Lie)<\/b>: 3\u00ba<\/li>\n<li><b>Loft<\/b>: 70\u00ba<\/li>\n<\/ul>\n<p><b>Tecnolog\u00eda<\/b><\/p>\n<ul>\n<li><b>Cabezas fresadas<\/b>: Primero fundido, luego fresado CNC para un peso preciso y l\u00edneas n\u00edtidas. Solo fresamos la cara y el reverso porque eso es lo que afecta el rendimiento. Es un fresado m\u00e1s inteligente que reduce el desperdicio y ofrece esa vista de direcci\u00f3n n\u00edtida a un costo asequible.<\/li>\n<li><b>Velocidad optimizada<\/b>: con SOFT, una intrincada red de surcos fresados ayuda a normalizar la transferencia de energ\u00eda a lo largo de la cara, para que obtengas una velocidad y una distancia constantes sin importar d\u00f3nde golpees el putt.<\/li>\n<\/ul>\n","protected":false},"excerpt":{"rendered":"<p><b>Putter Cleveland HB Soft Milled 11.0 UST<\/b><\/p>\n<p>HB SOFT Milled ofrece una actualizaci\u00f3n de eje <b>ALL-IN de UST Mamiya<\/b>. ALL-IN es una vara m\u00e1s resistente con mejor equilibrio que se flexiona menos durante el golpe y el impacto, en sincron\u00eda con otras caracter\u00edsticas de rendimiento de HB SOFT Milled.<\/p>\n","protected":false},"featured_media":4836,"comment_status":"open","ping_status":"closed","template":"","meta":[],"product_brand":[],"product_cat":[77,107],"product_tag":[],"class_list":{"0":"post-4835","1":"product","2":"type-product","3":"status-publish","4":"has-post-thumbnail","6":"product_cat-palos-de-golf","7":"product_cat-putters","8":"pa_marca-cleveland-golf","10":"first","11":"instock","12":"sale","13":"taxable","14":"shipping-taxable","15":"purchasable","16":"product-type-simple"},"jetpack-related-posts":[],"jetpack_sharing_enabled":true,"_links":{"self":[{"href":"https:\/\/www.golfcenteralmeria.com\/index.php?rest_route=\/wp\/v2\/product\/4835","targetHints":{"allow":["GET"]}}],"collection":[{"href":"https:\/\/www.golfcenteralmeria.com\/index.php?rest_route=\/wp\/v2\/product"}],"about":[{"href":"https:\/\/www.golfcenteralmeria.com\/index.php?rest_route=\/wp\/v2\/types\/product"}],"replies":[{"embeddable":true,"href":"https:\/\/www.golfcenteralmeria.com\/index.php?rest_route=%2Fwp%2Fv2%2Fcomments&post=4835"}],"wp:featuredmedia":[{"embeddable":true,"href":"https:\/\/www.golfcenteralmeria.com\/index.php?rest_route=\/wp\/v2\/media\/4836"}],"wp:attachment":[{"href":"https:\/\/www.golfcenteralmeria.com\/index.php?rest_route=%2Fwp%2Fv2%2Fmedia&parent=4835"}],"wp:term":[{"taxonomy":"product_brand","embeddable":true,"href":"https:\/\/www.golfcenteralmeria.com\/index.php?rest_route=%2Fwp%2Fv2%2Fproduct_brand&post=4835"},{"taxonomy":"product_cat","embeddable":true,"href":"https:\/\/www.golfcenteralmeria.com\/index.php?rest_route=%2Fwp%2Fv2%2Fproduct_cat&post=4835"},{"taxonomy":"product_tag","embeddable":true,"href":"https:\/\/www.golfcenteralmeria.com\/index.php?rest_route=%2Fwp%2Fv2%2Fproduct_tag&post=4835"}],"curies":[{"name":"wp","href":"https:\/\/api.w.org\/{rel}","templated":true}]}}