{"id":4825,"date":"2025-02-14T12:06:16","date_gmt":"2025-02-14T12:06:16","guid":{"rendered":"https:\/\/www.golfcenteralmeria.com\/?post_type=product&#038;p=4825"},"modified":"2025-03-05T04:43:22","modified_gmt":"2025-03-05T04:43:22","slug":"putter-hb-soft-2-model-15","status":"publish","type":"product","link":"https:\/\/www.golfcenteralmeria.com\/?product=putter-hb-soft-2-model-15","title":{"rendered":"Putter HB SOFT 2  \u2013 Model 15"},"content":{"rendered":"<p>Una de las tres ofertas de HB SOFT 2 de mazo completo, el modelo 15 cuenta con un dise\u00f1o \u00fanico y angular combinado con un solo agujero de curva y un sistema de alineaci\u00f3n de tres l\u00edneas. mejor adecuado para una carrera recta.<\/p>\n<p>La nueva l\u00ednea de HB SOFT 2 Putters cuenta con nuestra distancia normalizando Speed Optimized Face Technology junto con dise\u00f1os espec\u00edficos de la carrera para Puntas finamente afinadas y casi personalizadas a un precio \u00f3ptimo.<\/p>\n","protected":false},"excerpt":{"rendered":"<p>Una de las tres ofertas de HB SOFT 2 de mazo completo, el modelo 15 cuenta con un dise\u00f1o \u00fanico y angular combinado con un solo agujero de curva y un sistema de alineaci\u00f3n de tres l\u00edneas. mejor adecuado para una carrera recta.<\/p>\n","protected":false},"featured_media":4826,"comment_status":"open","ping_status":"closed","template":"","meta":[],"product_brand":[],"product_cat":[77,107],"product_tag":[],"class_list":{"0":"post-4825","1":"product","2":"type-product","3":"status-publish","4":"has-post-thumbnail","6":"product_cat-palos-de-golf","7":"product_cat-putters","8":"pa_marca-cleveland-golf","10":"first","11":"instock","12":"sale","13":"taxable","14":"shipping-taxable","15":"purchasable","16":"product-type-simple"},"jetpack-related-posts":[],"jetpack_sharing_enabled":true,"_links":{"self":[{"href":"https:\/\/www.golfcenteralmeria.com\/index.php?rest_route=\/wp\/v2\/product\/4825","targetHints":{"allow":["GET"]}}],"collection":[{"href":"https:\/\/www.golfcenteralmeria.com\/index.php?rest_route=\/wp\/v2\/product"}],"about":[{"href":"https:\/\/www.golfcenteralmeria.com\/index.php?rest_route=\/wp\/v2\/types\/product"}],"replies":[{"embeddable":true,"href":"https:\/\/www.golfcenteralmeria.com\/index.php?rest_route=%2Fwp%2Fv2%2Fcomments&post=4825"}],"wp:featuredmedia":[{"embeddable":true,"href":"https:\/\/www.golfcenteralmeria.com\/index.php?rest_route=\/wp\/v2\/media\/4826"}],"wp:attachment":[{"href":"https:\/\/www.golfcenteralmeria.com\/index.php?rest_route=%2Fwp%2Fv2%2Fmedia&parent=4825"}],"wp:term":[{"taxonomy":"product_brand","embeddable":true,"href":"https:\/\/www.golfcenteralmeria.com\/index.php?rest_route=%2Fwp%2Fv2%2Fproduct_brand&post=4825"},{"taxonomy":"product_cat","embeddable":true,"href":"https:\/\/www.golfcenteralmeria.com\/index.php?rest_route=%2Fwp%2Fv2%2Fproduct_cat&post=4825"},{"taxonomy":"product_tag","embeddable":true,"href":"https:\/\/www.golfcenteralmeria.com\/index.php?rest_route=%2Fwp%2Fv2%2Fproduct_tag&post=4825"}],"curies":[{"name":"wp","href":"https:\/\/api.w.org\/{rel}","templated":true}]}}