{"id":4819,"date":"2025-02-14T11:54:22","date_gmt":"2025-02-14T11:54:22","guid":{"rendered":"https:\/\/www.golfcenteralmeria.com\/?post_type=product&#038;p=4819"},"modified":"2025-03-02T15:22:11","modified_gmt":"2025-03-02T15:22:11","slug":"putter-cleveland-hb-soft-2-model-10-5","status":"publish","type":"product","link":"https:\/\/www.golfcenteralmeria.com\/?product=putter-cleveland-hb-soft-2-model-10-5","title":{"rendered":"Putter Cleveland HB Soft 2 Model 10.5"},"content":{"rendered":"<div id=\"collapsedescription\" class=\"collapse in\" role=\"tabpanel\" aria-labelledby=\"headingdescription\">\n<div class=\"card-block\">\n<div class=\"product-description\">\n<p>El <b>Putter Cleveland HB Soft 2 Model 10.5<\/b> cuenta con un dise\u00f1o con forma de mazo completo, hosel plumber&#8217;s neck, grip pistol, proporciona velocidad y distancia constante, sensaci\u00f3n de swing constante, y una alineaci\u00f3n simple de una l\u00ednea, para golpes de arco ligero.<\/p>\n<p><b>Caracter\u00edsticas:<\/b><\/p>\n<ul>\n<li><b>Putter Cleveland HB Soft 2 Model 10.5: <\/b>Dise\u00f1o con forma de mazo completo, hosel plumber&#8217;s neck, y alineaci\u00f3n simple de una l\u00ednea, para golpes de arco ligero.<\/li>\n<\/ul>\n<p><b>Especificaciones t\u00e9cnicas:<\/b><\/p>\n<ul>\n<li><b>Hosel:<\/b> Plumbers neck.<\/li>\n<li><b>Toe Hang:<\/b> Moderate.<\/li>\n<li><b>Tipo de golpe:<\/b> Arco ligero.<\/li>\n<li><b>Peso de la cabeza:<\/b> 365 g.<\/li>\n<li><b>Grip:<\/b> Pistol.<\/li>\n<li><b>Lie:<\/b> 70\u00ba.<\/li>\n<li><b>Loft:<\/b> 3\u00ba.<\/li>\n<\/ul>\n<p><b>Tecnolog\u00edas:<\/b><\/p>\n<ul>\n<li><b>Speed Optimized Face Technology: <\/b>Las l\u00edneas de surcos del centro de la cara se expanden hacia el tal\u00f3n y la punta, para mantener la velocidad y la distancia en cada golpe.<\/li>\n<li><b>Consistent Swing Feel:<\/b> Sensaci\u00f3n de swing constante, con independencia de la longitud de la varilla, gracias a un contrapeso que hace que no se note diferencia si se usa el grip oversize, o pistol.<\/li>\n<li><b>Slight Arc Stroke Alignment:<\/b> Sistema de alineaci\u00f3n de una l\u00ednea, que facilita el golpe de arco ligero.<\/li>\n<li><b>Slight Arc Stroke Grip:<\/b> Grip pistol, cl\u00e1sico, que facilita el giro natural de la mano mediante un movimiento de arco.<\/li>\n<\/ul>\n<\/div>\n<\/div>\n<\/div>\n","protected":false},"excerpt":{"rendered":"<p>El <b>Putter Cleveland HB Soft 2 Model 10.5<\/b> cuenta con un dise\u00f1o con forma de mazo completo, hosel plumber&#8217;s neck, grip pistol, proporciona velocidad y distancia constante, sensaci\u00f3n de swing constante, y una alineaci\u00f3n simple de una l\u00ednea, para golpes de arco ligero.<\/p>\n","protected":false},"featured_media":4820,"comment_status":"open","ping_status":"closed","template":"","meta":[],"product_brand":[],"product_cat":[77,107],"product_tag":[],"class_list":{"0":"post-4819","1":"product","2":"type-product","3":"status-publish","4":"has-post-thumbnail","6":"product_cat-palos-de-golf","7":"product_cat-putters","8":"pa_marca-cleveland-golf","10":"first","11":"instock","12":"sale","13":"taxable","14":"shipping-taxable","15":"purchasable","16":"product-type-simple"},"jetpack-related-posts":[],"jetpack_sharing_enabled":true,"_links":{"self":[{"href":"https:\/\/www.golfcenteralmeria.com\/index.php?rest_route=\/wp\/v2\/product\/4819","targetHints":{"allow":["GET"]}}],"collection":[{"href":"https:\/\/www.golfcenteralmeria.com\/index.php?rest_route=\/wp\/v2\/product"}],"about":[{"href":"https:\/\/www.golfcenteralmeria.com\/index.php?rest_route=\/wp\/v2\/types\/product"}],"replies":[{"embeddable":true,"href":"https:\/\/www.golfcenteralmeria.com\/index.php?rest_route=%2Fwp%2Fv2%2Fcomments&post=4819"}],"wp:featuredmedia":[{"embeddable":true,"href":"https:\/\/www.golfcenteralmeria.com\/index.php?rest_route=\/wp\/v2\/media\/4820"}],"wp:attachment":[{"href":"https:\/\/www.golfcenteralmeria.com\/index.php?rest_route=%2Fwp%2Fv2%2Fmedia&parent=4819"}],"wp:term":[{"taxonomy":"product_brand","embeddable":true,"href":"https:\/\/www.golfcenteralmeria.com\/index.php?rest_route=%2Fwp%2Fv2%2Fproduct_brand&post=4819"},{"taxonomy":"product_cat","embeddable":true,"href":"https:\/\/www.golfcenteralmeria.com\/index.php?rest_route=%2Fwp%2Fv2%2Fproduct_cat&post=4819"},{"taxonomy":"product_tag","embeddable":true,"href":"https:\/\/www.golfcenteralmeria.com\/index.php?rest_route=%2Fwp%2Fv2%2Fproduct_tag&post=4819"}],"curies":[{"name":"wp","href":"https:\/\/api.w.org\/{rel}","templated":true}]}}