{"id":4757,"date":"2025-02-13T10:49:41","date_gmt":"2025-02-13T10:49:41","guid":{"rendered":"https:\/\/www.golfcenteralmeria.com\/?post_type=product&#038;p=4757"},"modified":"2025-02-19T04:49:41","modified_gmt":"2025-02-19T04:49:41","slug":"set-de-hierros-cobra-king-tec-x-25","status":"publish","type":"product","link":"https:\/\/www.golfcenteralmeria.com\/?product=set-de-hierros-cobra-king-tec-x-25","title":{"rendered":"Set de hierros Cobra King TEC X -25"},"content":{"rendered":"<p>Los hierros KING TEC-X Irons redefinen c\u00f3mo debe verse y sentir una mejora del juego. Excitante distancia y perd\u00f3n se logran a trav\u00e9s de un peso interno de 70g de tungsteno y construcci\u00f3n de cuerpo hueco, d\u00e1ndole las claves para mejorar su juego mientras se ve como un jugador serio.<\/p>\n<p>Para opciones custom llamanos!!<\/p>\n","protected":false},"excerpt":{"rendered":"<p>Los hierros KING TEC-X Irons redefinen c\u00f3mo debe verse y sentir una mejora del juego. Excitante distancia y perd\u00f3n se logran a trav\u00e9s de un peso interno de 70g de tungsteno y construcci\u00f3n de cuerpo hueco, d\u00e1ndole las claves para mejorar su juego mientras se ve como un jugador serio.<\/p>\n<p>Para opciones custom llamanos!!<\/p>\n","protected":false},"featured_media":4758,"comment_status":"open","ping_status":"closed","template":"","meta":[],"product_brand":[],"product_cat":[77,74],"product_tag":[],"class_list":{"0":"post-4757","1":"product","2":"type-product","3":"status-publish","4":"has-post-thumbnail","6":"product_cat-palos-de-golf","7":"product_cat-hierros","8":"pa_marca-cobra-golf","10":"first","11":"instock","12":"taxable","13":"shipping-taxable","14":"purchasable","15":"product-type-variable"},"jetpack-related-posts":[],"jetpack_sharing_enabled":true,"_links":{"self":[{"href":"https:\/\/www.golfcenteralmeria.com\/index.php?rest_route=\/wp\/v2\/product\/4757","targetHints":{"allow":["GET"]}}],"collection":[{"href":"https:\/\/www.golfcenteralmeria.com\/index.php?rest_route=\/wp\/v2\/product"}],"about":[{"href":"https:\/\/www.golfcenteralmeria.com\/index.php?rest_route=\/wp\/v2\/types\/product"}],"replies":[{"embeddable":true,"href":"https:\/\/www.golfcenteralmeria.com\/index.php?rest_route=%2Fwp%2Fv2%2Fcomments&post=4757"}],"wp:featuredmedia":[{"embeddable":true,"href":"https:\/\/www.golfcenteralmeria.com\/index.php?rest_route=\/wp\/v2\/media\/4758"}],"wp:attachment":[{"href":"https:\/\/www.golfcenteralmeria.com\/index.php?rest_route=%2Fwp%2Fv2%2Fmedia&parent=4757"}],"wp:term":[{"taxonomy":"product_brand","embeddable":true,"href":"https:\/\/www.golfcenteralmeria.com\/index.php?rest_route=%2Fwp%2Fv2%2Fproduct_brand&post=4757"},{"taxonomy":"product_cat","embeddable":true,"href":"https:\/\/www.golfcenteralmeria.com\/index.php?rest_route=%2Fwp%2Fv2%2Fproduct_cat&post=4757"},{"taxonomy":"product_tag","embeddable":true,"href":"https:\/\/www.golfcenteralmeria.com\/index.php?rest_route=%2Fwp%2Fv2%2Fproduct_tag&post=4757"}],"curies":[{"name":"wp","href":"https:\/\/api.w.org\/{rel}","templated":true}]}}