{"id":4415,"date":"2025-02-02T10:51:50","date_gmt":"2025-02-02T10:51:50","guid":{"rendered":"https:\/\/www.golfcenteralmeria.com\/?post_type=product&#038;p=4415"},"modified":"2025-09-09T08:39:14","modified_gmt":"2025-09-09T08:39:14","slug":"hibrido-golf-cobra-ds-adapt","status":"publish","type":"product","link":"https:\/\/www.golfcenteralmeria.com\/?product=hibrido-golf-cobra-ds-adapt","title":{"rendered":"Hibrido golf Cobra DS Adapt"},"content":{"rendered":"<h2>H\u00edbrido Cobra DS Adapt<\/h2>\n<p>&nbsp;<\/p>\n<h4>El h\u00edbrido que se adapta a ti<\/h4>\n<p>Dise\u00f1ado para la versatilidad, el h\u00edbrido DS-ADAPT combina distancia, lanzamiento alto y m\u00e1s tolerancia en una sola cabeza. Esto se combina con la tecnolog\u00eda FutureFit33\u2122, que te permite adaptar tu h\u00edbrido para que se ajuste a tu swing y alcance las ventanas de lanzamiento \u00f3ptimas, al mismo tiempo que te protege contra los fallos.<\/p>\n<p>&nbsp;<\/p>\n<p>FutureFit33\u2122 cuenta con 33 configuraciones \u00fanicas de loft y lie para optimizar el vuelo de la bola, minimizar los fallos y maximizar la distancia. El loft y el lie se pueden ajustar en +\/- 2 grados en cualquier direcci\u00f3n, lo que permite la m\u00e1xima personalizaci\u00f3n del ajuste, mientras que el innovador dise\u00f1o SMARTPAD\u00ae permite que el \u00e1ngulo de la cara permanezca cuadrado independientemente de la configuraci\u00f3n.<\/p>\n<p>&nbsp;<\/p>\n<h4>Nuevo sistema de ponderaci\u00f3n adaptativa interna<\/h4>\n<p>Un peso PWR-BRIDGE redise\u00f1ado coloca el centro de gravedad m\u00e1s abajo y m\u00e1s adelante para reducir el giro y generar mayor velocidad.<\/p>\n<p>&nbsp;<\/p>\n<h4>Tolerancia y lanzamiento alto<\/h4>\n<p>Un peso de suela de 8 g se coloca lo m\u00e1s bajo posible para promover vuelos de bola altos e imponentes para una distancia de transporte m\u00e1xima.<\/p>\n<p>&nbsp;<\/p>\n<h4>Inserto de cara H.O.T. m\u00e1s grande<\/h4>\n<p>Un inserto de cara forjado m\u00e1s grande con tecnolog\u00eda de cara H.O.T. ofrece una mejor flexibilidad de la cara para lograr una distancia y velocidades de bola m\u00e1s robustas.<\/p>\n","protected":false},"excerpt":{"rendered":"<p>Dise\u00f1ado para la versatilidad, el h\u00edbrido DS-ADAPT combina distancia, lanzamiento alto y m\u00e1s tolerancia en una sola cabeza. Esto se combina con la tecnolog\u00eda FutureFit33\u2122, que te permite adaptar tu h\u00edbrido para que se ajuste a tu swing y alcance las ventanas de lanzamiento \u00f3ptimas, al mismo tiempo que te protege contra los fallos.<\/p>\n","protected":false},"featured_media":4416,"comment_status":"open","ping_status":"closed","template":"","meta":[],"product_brand":[],"product_cat":[77,185],"product_tag":[],"class_list":{"0":"post-4415","1":"product","2":"type-product","3":"status-publish","4":"has-post-thumbnail","6":"product_cat-palos-de-golf","7":"product_cat-hibridos","8":"pa_marca-cobra-golf","10":"first","11":"instock","12":"taxable","13":"shipping-taxable","14":"purchasable","15":"product-type-variable"},"jetpack-related-posts":[],"jetpack_sharing_enabled":true,"_links":{"self":[{"href":"https:\/\/www.golfcenteralmeria.com\/index.php?rest_route=\/wp\/v2\/product\/4415","targetHints":{"allow":["GET"]}}],"collection":[{"href":"https:\/\/www.golfcenteralmeria.com\/index.php?rest_route=\/wp\/v2\/product"}],"about":[{"href":"https:\/\/www.golfcenteralmeria.com\/index.php?rest_route=\/wp\/v2\/types\/product"}],"replies":[{"embeddable":true,"href":"https:\/\/www.golfcenteralmeria.com\/index.php?rest_route=%2Fwp%2Fv2%2Fcomments&post=4415"}],"wp:featuredmedia":[{"embeddable":true,"href":"https:\/\/www.golfcenteralmeria.com\/index.php?rest_route=\/wp\/v2\/media\/4416"}],"wp:attachment":[{"href":"https:\/\/www.golfcenteralmeria.com\/index.php?rest_route=%2Fwp%2Fv2%2Fmedia&parent=4415"}],"wp:term":[{"taxonomy":"product_brand","embeddable":true,"href":"https:\/\/www.golfcenteralmeria.com\/index.php?rest_route=%2Fwp%2Fv2%2Fproduct_brand&post=4415"},{"taxonomy":"product_cat","embeddable":true,"href":"https:\/\/www.golfcenteralmeria.com\/index.php?rest_route=%2Fwp%2Fv2%2Fproduct_cat&post=4415"},{"taxonomy":"product_tag","embeddable":true,"href":"https:\/\/www.golfcenteralmeria.com\/index.php?rest_route=%2Fwp%2Fv2%2Fproduct_tag&post=4415"}],"curies":[{"name":"wp","href":"https:\/\/api.w.org\/{rel}","templated":true}]}}