{"id":3108,"date":"2024-09-13T11:49:26","date_gmt":"2024-09-13T11:49:26","guid":{"rendered":"https:\/\/www.golfcenteralmeria.com\/?post_type=product&#038;p=3108"},"modified":"2025-08-21T16:02:31","modified_gmt":"2025-08-21T16:02:31","slug":"carro-electrico-powakaddy-ct6","status":"publish","type":"product","link":"https:\/\/www.golfcenteralmeria.com\/?product=carro-electrico-powakaddy-ct6","title":{"rendered":"CARRO ELECTRICO POWAKADDY CT6"},"content":{"rendered":"<h3 class=\"vc_custom_heading us_custom_864e3c2c\">POWAKADDY CT6<\/h3>\n<div class=\"wpb_text_column\">\n<div class=\"wpb_wrapper\">El carro de golf el\u00e9ctrico <b>Powakaddy CT6<\/b> es ultracompacto y se pliega en 2 simples pasos. Gracias al exclusivo sistema <b>Simple-2-Fold TM<\/b> de la serie CT, se pliega un 20% m\u00e1s que los modelos PowaKaddy Compact anteriores, y un 35% m\u00e1s que su competidor m\u00e1s cercano en el mercado.<br \/>\n<b>Este carro est\u00e1 disponible con la bater\u00eda de duraci\u00f3n de 18 hoyos (220wh), o con la de duraci\u00f3n extendida de 36 hoyos (260wh)<\/b> (la orograf\u00eda del terreno o el peso de la bolsa pueden reducir el alcance de las bater\u00edas).<br \/>\n<b>Caracter\u00edsticas:<\/b><\/p>\n<ul>\n<li>Ligero, ultracompacto y con el exclusivo sistema Simple-2-fold : se ensambla r\u00e1pidamente sin esfuerzo y se pliega para adaptarse a los espacios m\u00e1s peque\u00f1os.<\/li>\n<li>Dispone de una nueva pantalla panor\u00e1mica ultra n\u00edtida a todo color de 2.8&#8243;.<\/li>\n<li>Nuevo sistema controlador de velocidad mejorado de alta potencia (30 voltios).<\/li>\n<li>Sistema de control de luz de fondo de pantalla: con el modo de ahorro de energ\u00eda habilitado, luz de fondo se apaga despu\u00e9s de 20 minutos sin uso.<\/li>\n<li>Su asa es de tacto suave y ajustable en altura, para que se adapte perfectamente al usuario.<\/li>\n<li>Nuevo chasis Powaframe de perfil bajo y alto rendimiento: protege los componentes vitales del carro y es muy f\u00e1cil de limpiar.<\/li>\n<li>Control de marcado antisabotaje: evita que se encienda accidentalmente el carro.<\/li>\n<li>Con bater\u00eda de alta potencia Plug&#8217;n&#8217;Play de 30v. Estas son las bater\u00edas de litio m\u00e1s potentes, delgadas y ligeras del mercado. Adem\u00e1s, disponen de un nuevo led de bot\u00f3n de encendido.<\/li>\n<li>Su motor silencioso y potente de 30 voltios y 230 vatios, proporciona una potencia excepcional para todo tipo de terreno.<\/li>\n<li>Puerto de carga USB: para cargar r\u00e1pidamente su tel\u00e9fono inteligente o tu dispositivo GPS.<\/li>\n<li>Estructura de aleaci\u00f3n ligera y fuerte de aspecto elegante.<\/li>\n<li>Con asa de transporte integrada que facilita el transporte del carro.<\/li>\n<li>Soporte para camisetas integrado, para mantenerlas siempre a mano.<\/li>\n<li>Dispone de indicador LED de encendido \/ apagado: Para poner el carro en modo de espera.<\/li>\n<li>Funci\u00f3n de encendido, pausa y reanudaci\u00f3n: Con el empujaras a la misma velocidad a la que te detuviste.<\/li>\n<li>Indicador de potencia digital: muestra la configuraci\u00f3n de potencia del carro.<\/li>\n<li>Indicador de nivel de la bater\u00eda: podr\u00e1s ver r\u00e1pidamente la capacidad de la bater\u00eda.<\/li>\n<li>La velocidad se puede configurar en Mph y Kph.<\/li>\n<li>Temporizador de ronda: Muestra el tiempo de duraci\u00f3n de tu ronda.<\/li>\n<li>Sistema en Metros \/ Yardas: El sistema se puede cambiar entre metros o yardas.<\/li>\n<li>Ruedas deportivas met\u00e1licas de perfil bajo, con funcionamiento silencioso en superficies duras y f\u00e1cilmente extra\u00edbles para el cambio o la limpieza de las mismas.<\/li>\n<li>Posibilidad de ajuste de la rueda delantera, para la correcci\u00f3n de la l\u00ednea recta.<\/li>\n<li>Sistema de bolsas PowaKaddy Key-lock : evita que tu bolsa PowaKaddy se tuerza en el carro.<\/li>\n<li>Correas el\u00e1sticas con asas antipinchazos integradas: Sujetan a la bolsa con seguridad en el carro.<\/li>\n<li>Control ambidiestro: Manejo c\u00f3modo para golfistas diestros y zurdos.<\/li>\n<li>Peso sin bater\u00eda: 9,9 kg.<\/li>\n<li>Dimensiones plegado: 510 x 425 x 375 mm.<\/li>\n<li>Motor: 30v 230w.<\/li>\n<\/ul>\n<\/div>\n<\/div>\n","protected":false},"excerpt":{"rendered":"<h3 class=\"vc_custom_heading us_custom_864e3c2c\">POWAKADDY CT6<\/h3>\n<div class=\"wpb_text_column\">\n<div class=\"wpb_wrapper\">El carro de golf el\u00e9ctrico <b>Powakaddy CT6<\/b> es ultracompacto y se pliega en 2 simples pasos. Gracias al exclusivo sistema <b>Simple-2-Fold TM<\/b> de la serie CT, se pliega un 20% m\u00e1s que los modelos PowaKaddy Compact anteriores, y un 35% m\u00e1s que su competidor m\u00e1s cercano en el mercado.<br \/>\n<b>Este carro est\u00e1 disponible con la bater\u00eda de duraci\u00f3n de 18 hoyos (220wh), o con la de duraci\u00f3n extendida de 36 hoyos (260wh)<\/b> (la orograf\u00eda del terreno o el peso de la bolsa pueden reducir el alcance de las bater\u00edas).<\/div>\n<\/div>\n","protected":false},"featured_media":3111,"comment_status":"open","ping_status":"closed","template":"","meta":[],"product_brand":[],"product_cat":[105,125],"product_tag":[],"class_list":{"0":"post-3108","1":"product","2":"type-product","3":"status-publish","4":"has-post-thumbnail","6":"product_cat-carros","7":"product_cat-carros-electricos","8":"pa_marca-powakaddy","10":"first","11":"instock","12":"taxable","13":"shipping-taxable","14":"purchasable","15":"product-type-variable"},"jetpack-related-posts":[],"jetpack_sharing_enabled":true,"_links":{"self":[{"href":"https:\/\/www.golfcenteralmeria.com\/index.php?rest_route=\/wp\/v2\/product\/3108","targetHints":{"allow":["GET"]}}],"collection":[{"href":"https:\/\/www.golfcenteralmeria.com\/index.php?rest_route=\/wp\/v2\/product"}],"about":[{"href":"https:\/\/www.golfcenteralmeria.com\/index.php?rest_route=\/wp\/v2\/types\/product"}],"replies":[{"embeddable":true,"href":"https:\/\/www.golfcenteralmeria.com\/index.php?rest_route=%2Fwp%2Fv2%2Fcomments&post=3108"}],"wp:featuredmedia":[{"embeddable":true,"href":"https:\/\/www.golfcenteralmeria.com\/index.php?rest_route=\/wp\/v2\/media\/3111"}],"wp:attachment":[{"href":"https:\/\/www.golfcenteralmeria.com\/index.php?rest_route=%2Fwp%2Fv2%2Fmedia&parent=3108"}],"wp:term":[{"taxonomy":"product_brand","embeddable":true,"href":"https:\/\/www.golfcenteralmeria.com\/index.php?rest_route=%2Fwp%2Fv2%2Fproduct_brand&post=3108"},{"taxonomy":"product_cat","embeddable":true,"href":"https:\/\/www.golfcenteralmeria.com\/index.php?rest_route=%2Fwp%2Fv2%2Fproduct_cat&post=3108"},{"taxonomy":"product_tag","embeddable":true,"href":"https:\/\/www.golfcenteralmeria.com\/index.php?rest_route=%2Fwp%2Fv2%2Fproduct_tag&post=3108"}],"curies":[{"name":"wp","href":"https:\/\/api.w.org\/{rel}","templated":true}]}}