{"id":2951,"date":"2024-06-15T09:26:51","date_gmt":"2024-06-15T09:26:51","guid":{"rendered":"https:\/\/www.golfcenteralmeria.com\/?post_type=product&#038;p=2951"},"modified":"2024-12-27T20:13:51","modified_gmt":"2024-12-27T20:13:51","slug":"bolas-taylormade-speedsoft-ink-rosas","status":"publish","type":"product","link":"https:\/\/www.golfcenteralmeria.com\/?product=bolas-taylormade-speedsoft-ink-rosas","title":{"rendered":"BOLAS TAYLORMADE SPEEDSOFT INK ROSAS"},"content":{"rendered":"<p>Las Bolas de Golf TaylorMade SpeedSoft est\u00e1n dise\u00f1adas con la revolucionaria tecnolog\u00eda PWRCORE. Ofrecen una sensaci\u00f3n excepcionalmente suave sin comprometer la potencia explosiva, siendo ideales para golfistas de todos los niveles. La innovadora tinta SpeedSoft Ink a\u00f1ade un toque de estilo al campo con colores vibrantes que no solo son visibles, sino que tambi\u00e9n mejoran el contraste para un juego m\u00e1s preciso.<\/p>\n<p>Docena de bolas<\/p>\n","protected":false},"excerpt":{"rendered":"<p>Las Bolas de Golf TaylorMade SpeedSoft est\u00e1n dise\u00f1adas con la revolucionaria tecnolog\u00eda PWRCORE. Ofrecen una sensaci\u00f3n excepcionalmente suave sin comprometer la potencia explosiva, siendo ideales para golfistas de todos los niveles. La innovadora tinta SpeedSoft Ink a\u00f1ade un toque de estilo al campo con colores vibrantes que no solo son visibles, sino que tambi\u00e9n mejoran el contraste para un juego m\u00e1s preciso.<\/p>\n<p>Docena de bolas<\/p>\n","protected":false},"featured_media":2952,"comment_status":"open","ping_status":"closed","template":"","meta":[],"product_brand":[],"product_cat":[75],"product_tag":[],"class_list":{"0":"post-2951","1":"product","2":"type-product","3":"status-publish","4":"has-post-thumbnail","6":"product_cat-bolas","8":"first","9":"instock","10":"taxable","11":"shipping-taxable","12":"purchasable","13":"product-type-simple"},"jetpack-related-posts":[],"jetpack_sharing_enabled":true,"_links":{"self":[{"href":"https:\/\/www.golfcenteralmeria.com\/index.php?rest_route=\/wp\/v2\/product\/2951","targetHints":{"allow":["GET"]}}],"collection":[{"href":"https:\/\/www.golfcenteralmeria.com\/index.php?rest_route=\/wp\/v2\/product"}],"about":[{"href":"https:\/\/www.golfcenteralmeria.com\/index.php?rest_route=\/wp\/v2\/types\/product"}],"replies":[{"embeddable":true,"href":"https:\/\/www.golfcenteralmeria.com\/index.php?rest_route=%2Fwp%2Fv2%2Fcomments&post=2951"}],"wp:featuredmedia":[{"embeddable":true,"href":"https:\/\/www.golfcenteralmeria.com\/index.php?rest_route=\/wp\/v2\/media\/2952"}],"wp:attachment":[{"href":"https:\/\/www.golfcenteralmeria.com\/index.php?rest_route=%2Fwp%2Fv2%2Fmedia&parent=2951"}],"wp:term":[{"taxonomy":"product_brand","embeddable":true,"href":"https:\/\/www.golfcenteralmeria.com\/index.php?rest_route=%2Fwp%2Fv2%2Fproduct_brand&post=2951"},{"taxonomy":"product_cat","embeddable":true,"href":"https:\/\/www.golfcenteralmeria.com\/index.php?rest_route=%2Fwp%2Fv2%2Fproduct_cat&post=2951"},{"taxonomy":"product_tag","embeddable":true,"href":"https:\/\/www.golfcenteralmeria.com\/index.php?rest_route=%2Fwp%2Fv2%2Fproduct_tag&post=2951"}],"curies":[{"name":"wp","href":"https:\/\/api.w.org\/{rel}","templated":true}]}}