{"id":2058,"date":"2022-11-17T14:52:49","date_gmt":"2022-11-17T14:52:49","guid":{"rendered":"https:\/\/www.golfcenteralmeria.com\/?post_type=product&#038;p=2058"},"modified":"2024-01-02T13:57:47","modified_gmt":"2024-01-02T13:57:47","slug":"alfombra-putt-pure2improve-birdie-drill-400-cm-66-cm","status":"publish","type":"product","link":"https:\/\/www.golfcenteralmeria.com\/?product=alfombra-putt-pure2improve-birdie-drill-400-cm-66-cm","title":{"rendered":"Alfombra Putt PURE2IMPROVE Birdie Drill ( 400 Cm &#8211; 66 Cm )"},"content":{"rendered":"<div id=\"description\" class=\"data item content\" role=\"tabpanel\" aria-labelledby=\"tab-label-description\" data-role=\"content\" aria-hidden=\"false\">\n<div class=\"product attribute description\">\n<div class=\"value\">\n<p>Alfombra de golf Pure2Improve, 400 x 66 cm.<\/p>\n<p>Esta alfombra te ayudar\u00e1 a mejorar tu t\u00e9cnica y a ser m\u00e1s consistente y mejorar tu puntuaci\u00f3n en el green.<\/p>\n<p>Ideal para practicar tu putting en casa.<\/p>\n<\/div>\n<\/div>\n<\/div>\n","protected":false},"excerpt":{"rendered":"<p>Alfombra de golf Pure2Improve, 400 x 66 cm.<\/p>\n<p>Esta alfombra te ayudar\u00e1 a mejorar tu t\u00e9cnica y a ser m\u00e1s consistente y mejorar tu puntuaci\u00f3n en el green.<\/p>\n<p>Ideal para practicar tu putting en casa.<\/p>\n","protected":false},"featured_media":2060,"comment_status":"open","ping_status":"closed","template":"","meta":[],"product_brand":[],"product_cat":[157],"product_tag":[],"class_list":{"0":"post-2058","1":"product","2":"type-product","3":"status-publish","4":"has-post-thumbnail","6":"product_cat-entrenamiento","7":"pa_marca-pure2improve","9":"first","10":"outofstock","11":"taxable","12":"shipping-taxable","13":"purchasable","14":"product-type-simple"},"jetpack-related-posts":[],"jetpack_sharing_enabled":true,"_links":{"self":[{"href":"https:\/\/www.golfcenteralmeria.com\/index.php?rest_route=\/wp\/v2\/product\/2058","targetHints":{"allow":["GET"]}}],"collection":[{"href":"https:\/\/www.golfcenteralmeria.com\/index.php?rest_route=\/wp\/v2\/product"}],"about":[{"href":"https:\/\/www.golfcenteralmeria.com\/index.php?rest_route=\/wp\/v2\/types\/product"}],"replies":[{"embeddable":true,"href":"https:\/\/www.golfcenteralmeria.com\/index.php?rest_route=%2Fwp%2Fv2%2Fcomments&post=2058"}],"wp:featuredmedia":[{"embeddable":true,"href":"https:\/\/www.golfcenteralmeria.com\/index.php?rest_route=\/wp\/v2\/media\/2060"}],"wp:attachment":[{"href":"https:\/\/www.golfcenteralmeria.com\/index.php?rest_route=%2Fwp%2Fv2%2Fmedia&parent=2058"}],"wp:term":[{"taxonomy":"product_brand","embeddable":true,"href":"https:\/\/www.golfcenteralmeria.com\/index.php?rest_route=%2Fwp%2Fv2%2Fproduct_brand&post=2058"},{"taxonomy":"product_cat","embeddable":true,"href":"https:\/\/www.golfcenteralmeria.com\/index.php?rest_route=%2Fwp%2Fv2%2Fproduct_cat&post=2058"},{"taxonomy":"product_tag","embeddable":true,"href":"https:\/\/www.golfcenteralmeria.com\/index.php?rest_route=%2Fwp%2Fv2%2Fproduct_tag&post=2058"}],"curies":[{"name":"wp","href":"https:\/\/api.w.org\/{rel}","templated":true}]}}