{"id":204,"date":"2020-07-30T08:21:15","date_gmt":"2020-07-30T08:21:15","guid":{"rendered":"http:\/\/s829868843.mialojamiento.es\/?post_type=product&#038;p=204"},"modified":"2020-07-30T08:23:11","modified_gmt":"2020-07-30T08:23:11","slug":"hierros-wilson-launch-pad-5-pw-acero","status":"publish","type":"product","link":"https:\/\/www.golfcenteralmeria.com\/?product=hierros-wilson-launch-pad-5-pw-acero","title":{"rendered":"Hierros Wilson Launch Pad (5-PW) Acero"},"content":{"rendered":"<div class=\"std\">\n<p>Construcci\u00f3n hueca La construcci\u00f3n hueca admite una cara incre\u00edblemente delgada para una velocidad m\u00e1xima de la pelota y una mayor distancia. Dise\u00f1ado para volver a poner los hierros largos en la bolsa<\/p>\n<p>Los hierros largos tienen suelas m\u00e1s anchas y m\u00e1s indulgentes, con anchos de suela tradicionales para mejorar el juego en los m\u00e1s cortos. El resultado final es un contacto consistente con la pelota con menos fragmentaci\u00f3n y mayor distancia.<\/p>\n<p>Varilla KBS Tour 80 R flex ligera con grip standard<\/p>\n<p>El peso liviano de los Launch Pad facilita la generaci\u00f3n de altas velocidades de la cabeza del palo con un m\u00ednimo esfuerzo.<\/p>\n<p>&nbsp;<\/p>\n<\/div>\n","protected":false},"excerpt":{"rendered":"<p>Hierros Wilson Launch Pad. El dise\u00f1o de la suela de la plataforma de lanzamiento proporciona exactamente lo que el nombre sugiere, un dise\u00f1o de suela que flota efectivamente sobre el c\u00e9sped, lo que resulta en un vuelo de la pelota de lanzamiento m\u00e1s alto.<\/p>\n<p>Varilla KBS Tour 80 R flex ligera con grip standard<\/p>\n","protected":false},"featured_media":203,"comment_status":"open","ping_status":"closed","template":"","meta":[],"product_brand":[],"product_cat":[74],"product_tag":[],"class_list":{"0":"post-204","1":"product","2":"type-product","3":"status-publish","4":"has-post-thumbnail","6":"product_cat-hierros","8":"first","9":"instock","10":"sale","11":"taxable","12":"shipping-taxable","13":"purchasable","14":"product-type-simple"},"jetpack-related-posts":[],"jetpack_sharing_enabled":true,"_links":{"self":[{"href":"https:\/\/www.golfcenteralmeria.com\/index.php?rest_route=\/wp\/v2\/product\/204","targetHints":{"allow":["GET"]}}],"collection":[{"href":"https:\/\/www.golfcenteralmeria.com\/index.php?rest_route=\/wp\/v2\/product"}],"about":[{"href":"https:\/\/www.golfcenteralmeria.com\/index.php?rest_route=\/wp\/v2\/types\/product"}],"replies":[{"embeddable":true,"href":"https:\/\/www.golfcenteralmeria.com\/index.php?rest_route=%2Fwp%2Fv2%2Fcomments&post=204"}],"wp:featuredmedia":[{"embeddable":true,"href":"https:\/\/www.golfcenteralmeria.com\/index.php?rest_route=\/wp\/v2\/media\/203"}],"wp:attachment":[{"href":"https:\/\/www.golfcenteralmeria.com\/index.php?rest_route=%2Fwp%2Fv2%2Fmedia&parent=204"}],"wp:term":[{"taxonomy":"product_brand","embeddable":true,"href":"https:\/\/www.golfcenteralmeria.com\/index.php?rest_route=%2Fwp%2Fv2%2Fproduct_brand&post=204"},{"taxonomy":"product_cat","embeddable":true,"href":"https:\/\/www.golfcenteralmeria.com\/index.php?rest_route=%2Fwp%2Fv2%2Fproduct_cat&post=204"},{"taxonomy":"product_tag","embeddable":true,"href":"https:\/\/www.golfcenteralmeria.com\/index.php?rest_route=%2Fwp%2Fv2%2Fproduct_tag&post=204"}],"curies":[{"name":"wp","href":"https:\/\/api.w.org\/{rel}","templated":true}]}}