{"id":1883,"date":"2022-04-28T19:03:00","date_gmt":"2022-04-28T19:03:00","guid":{"rendered":"https:\/\/www.golfcenteralmeria.com\/?post_type=product&#038;p=1883"},"modified":"2022-12-23T11:25:45","modified_gmt":"2022-12-23T11:25:45","slug":"garmin-approach-r10-reservalo-ya","status":"publish","type":"product","link":"https:\/\/www.golfcenteralmeria.com\/?product=garmin-approach-r10-reservalo-ya","title":{"rendered":"Garmin Approach R10"},"content":{"rendered":"<div id=\"description\" class=\"tab-pane in active\">\n<div class=\"product-description\">\n<div id=\"product-details\" data-product=\"{&quot;id_shop_default&quot;:&quot;1&quot;,&quot;id_manufacturer&quot;:&quot;39&quot;,&quot;id_supplier&quot;:&quot;38&quot;,&quot;reference&quot;:&quot;&quot;,&quot;is_virtual&quot;:&quot;0&quot;,&quot;delivery_in_stock&quot;:&quot;Puede variar la entrega dependiendo del proveedor&quot;,&quot;delivery_out_stock&quot;:&quot;Puede variar la entrega dependiendo del proveedor&quot;,&quot;id_category_default&quot;:&quot;70&quot;,&quot;on_sale&quot;:&quot;0&quot;,&quot;online_only&quot;:&quot;0&quot;,&quot;ecotax&quot;:0,&quot;minimal_quantity&quot;:&quot;1&quot;,&quot;low_stock_threshold&quot;:null,&quot;low_stock_alert&quot;:&quot;0&quot;,&quot;price&quot;:&quot;599,00\\u00a0\\u20ac&quot;,&quot;unity&quot;:&quot;&quot;,&quot;unit_price_ratio&quot;:&quot;0.000000&quot;,&quot;additional_shipping_cost&quot;:&quot;0.00&quot;,&quot;customizable&quot;:&quot;0&quot;,&quot;text_fields&quot;:&quot;0&quot;,&quot;uploadable_files&quot;:&quot;0&quot;,&quot;redirect_type&quot;:&quot;301-category&quot;,&quot;id_type_redirected&quot;:&quot;0&quot;,&quot;available_for_order&quot;:&quot;0&quot;,&quot;available_date&quot;:&quot;0000-00-00&quot;,&quot;show_condition&quot;:&quot;0&quot;,&quot;condition&quot;:&quot;new&quot;,&quot;show_price&quot;:&quot;1&quot;,&quot;indexed&quot;:&quot;1&quot;,&quot;visibility&quot;:&quot;both&quot;,&quot;cache_default_attribute&quot;:&quot;0&quot;,&quot;advanced_stock_management&quot;:&quot;0&quot;,&quot;date_add&quot;:&quot;2021-09-06 14:10:37&quot;,&quot;date_upd&quot;:&quot;2022-04-05 12:19:21&quot;,&quot;pack_stock_type&quot;:&quot;0&quot;,&quot;meta_description&quot;:&quot;&quot;,&quot;meta_keywords&quot;:&quot;&quot;,&quot;meta_title&quot;:&quot;&quot;,&quot;link_rewrite&quot;:&quot;garmin-r10&quot;,&quot;name&quot;:&quot;Garmin R10&quot;,&quot;description&quot;:&quot;&lt;p&gt;REALIZA UN SEGUIMIENTO DE M\\u00c1S M\\u00c9TRICAS Esfu\\u00e9rzate en mejorar la uniformidad de tus golpes gracias al seguimiento de las m\\u00e9tricas, como la velocidad de la cabeza del palo, la velocidad de la bola, el giro, el \\u00e1ngulo de lanzamiento, la direcci\\u00f3n de lanzamiento, la calidad del impacto y mucho m\\u00e1s. GRABA V\\u00cdDEO AUTOM\\u00c1TICAMENTE Consulta y analiza tu swing con clips de v\\u00eddeo que muestran las estad\\u00edsticas reales de cada golpe superpuestas. M\\u00c1S DE 42.000 CAMPOS VIRTUALES Podr\\u00e1s jugar con otros tres golfistas en tu propio campo de golf o incluso en un campo en el que jugar\\u00e9is en vuestro pr\\u00f3ximo viaje con los recorridos virtuales2 de m\\u00e1s de 42.000 campos de todo el mundo. PRUEBA GRATIS LA SUSCRIPCI\\u00d3N A GARMIN GOLF Dale una oportunidad al golf virtual con una prueba gratuita de 30 d\\u00edas del contenido premium de la aplicaci\\u00f3n Garmin Golf 3. COMPATIBILIDAD CON E6 CONNECT La biblioteca de contenido E6 Connect (no incluida) es compatible con el Approach R10. Con E6 Connect, podr\\u00e1s jugar f\\u00e1cilmente en campos realistas cuando quieras.&lt;\\\/p&gt;&quot;,&quot;description_short&quot;:&quot;&lt;p&gt;El plazo de entrega del producto puede sufrir retrasos por falta de stock de la marca, CONSULTAS EN EL TELEFONO 659845644&lt;\\\/p&gt;&quot;,&quot;available_now&quot;:&quot;&quot;,&quot;available_later&quot;:&quot;&quot;,&quot;id&quot;:9371,&quot;id_product&quot;:9371,&quot;out_of_stock&quot;:0,&quot;new&quot;:0,&quot;id_product_attribute&quot;:&quot;0&quot;,&quot;quantity_wanted&quot;:1,&quot;extraContent&quot;:[{&quot;title&quot;:&quot;Reviews&quot;,&quot;content&quot;:&quot;\\n&lt;div id=\\&quot;iqit-reviews\\&quot;&gt;\\n\\n &lt;div id=\\&quot;iqit-reviews-top\\&quot;&gt;\\n &lt;div class=\\&quot;row justify-content-between align-items-center\\&quot;&gt;\\n\\n &lt;div class=\\&quot;col mb-3\\&quot;&gt;\\n &lt;div id=\\&quot;iqitreviews-snippet\\&quot;&gt;No reviews&lt;\\\/div&gt;\\n &lt;\\\/div&gt;\\n\\n \\n &lt;\\\/div&gt; &lt;!-- \\\/ .row --&gt;\\n&lt;\\\/div&gt;&lt;!-- \\\/ #iqit-reviews-top --&gt;\\n\\n\\n&lt;div class=\\&quot;col-xs-12 alert alert-success hidden-xs-up\\&quot;\\n id=\\&quot;iqitreviews-productreview-form-success-alert\\&quot;&gt;\\n&lt;\\\/div&gt;\\n\\n\\n\\n&lt;\\\/div&gt;\\n\\n&quot;,&quot;attr&quot;:{&quot;id&quot;:&quot;&quot;,&quot;class&quot;:&quot;&quot;},&quot;moduleName&quot;:&quot;iqitreviews&quot;}],&quot;allow_oosp&quot;:true,&quot;category&quot;:&quot;accesorios&quot;,&quot;category_name&quot;:&quot;Accesorios&quot;,&quot;link&quot;:&quot;https:\\\/\\\/castellanagolf.com\\\/accesorios\\\/9371-garmin-r10.html&quot;,&quot;attribute_price&quot;:0,&quot;price_tax_exc&quot;:495.04132199999998,&quot;price_without_reduction&quot;:599,&quot;reduction&quot;:0,&quot;specific_prices&quot;:[],&quot;quantity&quot;:-45,&quot;quantity_all_versions&quot;:-45,&quot;id_image&quot;:&quot;es-default&quot;,&quot;features&quot;:[],&quot;attachments&quot;:[],&quot;virtual&quot;:0,&quot;pack&quot;:0,&quot;packItems&quot;:[],&quot;nopackprice&quot;:0,&quot;customization_required&quot;:false,&quot;rate&quot;:21,&quot;tax_name&quot;:&quot;IVA ES 21%&quot;,&quot;ecotax_rate&quot;:0,&quot;unit_price&quot;:&quot;&quot;,&quot;customizations&quot;:{&quot;fields&quot;:[]},&quot;id_customization&quot;:0,&quot;is_customizable&quot;:false,&quot;show_quantities&quot;:false,&quot;quantity_label&quot;:&quot;Art\\u00edculo&quot;,&quot;quantity_discounts&quot;:[],&quot;customer_group_discount&quot;:0,&quot;images&quot;:[{&quot;bySize&quot;:{&quot;small_default&quot;:{&quot;url&quot;:&quot;https:\\\/\\\/castellanagolf.com\\\/59853-small_default\\\/garmin-r10.jpg&quot;,&quot;width&quot;:98,&quot;height&quot;:127},&quot;cart_default&quot;:{&quot;url&quot;:&quot;https:\\\/\\\/castellanagolf.com\\\/59853-cart_default\\\/garmin-r10.jpg&quot;,&quot;width&quot;:125,&quot;height&quot;:162},&quot;home_default&quot;:{&quot;url&quot;:&quot;https:\\\/\\\/castellanagolf.com\\\/59853-home_default\\\/garmin-r10.jpg&quot;,&quot;width&quot;:236,&quot;height&quot;:305},&quot;large_default&quot;:{&quot;url&quot;:&quot;https:\\\/\\\/castellanagolf.com\\\/59853-large_default\\\/garmin-r10.jpg&quot;,&quot;width&quot;:381,&quot;height&quot;:492},&quot;medium_default&quot;:{&quot;url&quot;:&quot;https:\\\/\\\/castellanagolf.com\\\/59853-medium_default\\\/garmin-r10.jpg&quot;,&quot;width&quot;:452,&quot;height&quot;:584},&quot;thickbox_default&quot;:{&quot;url&quot;:&quot;https:\\\/\\\/castellanagolf.com\\\/59853-thickbox_default\\\/garmin-r10.jpg&quot;,&quot;width&quot;:1100,&quot;height&quot;:1422}},&quot;small&quot;:{&quot;url&quot;:&quot;https:\\\/\\\/castellanagolf.com\\\/59853-small_default\\\/garmin-r10.jpg&quot;,&quot;width&quot;:98,&quot;height&quot;:127},&quot;medium&quot;:{&quot;url&quot;:&quot;https:\\\/\\\/castellanagolf.com\\\/59853-large_default\\\/garmin-r10.jpg&quot;,&quot;width&quot;:381,&quot;height&quot;:492},&quot;large&quot;:{&quot;url&quot;:&quot;https:\\\/\\\/castellanagolf.com\\\/59853-thickbox_default\\\/garmin-r10.jpg&quot;,&quot;width&quot;:1100,&quot;height&quot;:1422},&quot;legend&quot;:&quot;&quot;,&quot;cover&quot;:&quot;1&quot;,&quot;id_image&quot;:&quot;59853&quot;,&quot;position&quot;:&quot;1&quot;,&quot;associatedVariants&quot;:[]}],&quot;cover&quot;:{&quot;bySize&quot;:{&quot;small_default&quot;:{&quot;url&quot;:&quot;https:\\\/\\\/castellanagolf.com\\\/59853-small_default\\\/garmin-r10.jpg&quot;,&quot;width&quot;:98,&quot;height&quot;:127},&quot;cart_default&quot;:{&quot;url&quot;:&quot;https:\\\/\\\/castellanagolf.com\\\/59853-cart_default\\\/garmin-r10.jpg&quot;,&quot;width&quot;:125,&quot;height&quot;:162},&quot;home_default&quot;:{&quot;url&quot;:&quot;https:\\\/\\\/castellanagolf.com\\\/59853-home_default\\\/garmin-r10.jpg&quot;,&quot;width&quot;:236,&quot;height&quot;:305},&quot;large_default&quot;:{&quot;url&quot;:&quot;https:\\\/\\\/castellanagolf.com\\\/59853-large_default\\\/garmin-r10.jpg&quot;,&quot;width&quot;:381,&quot;height&quot;:492},&quot;medium_default&quot;:{&quot;url&quot;:&quot;https:\\\/\\\/castellanagolf.com\\\/59853-medium_default\\\/garmin-r10.jpg&quot;,&quot;width&quot;:452,&quot;height&quot;:584},&quot;thickbox_default&quot;:{&quot;url&quot;:&quot;https:\\\/\\\/castellanagolf.com\\\/59853-thickbox_default\\\/garmin-r10.jpg&quot;,&quot;width&quot;:1100,&quot;height&quot;:1422}},&quot;small&quot;:{&quot;url&quot;:&quot;https:\\\/\\\/castellanagolf.com\\\/59853-small_default\\\/garmin-r10.jpg&quot;,&quot;width&quot;:98,&quot;height&quot;:127},&quot;medium&quot;:{&quot;url&quot;:&quot;https:\\\/\\\/castellanagolf.com\\\/59853-large_default\\\/garmin-r10.jpg&quot;,&quot;width&quot;:381,&quot;height&quot;:492},&quot;large&quot;:{&quot;url&quot;:&quot;https:\\\/\\\/castellanagolf.com\\\/59853-thickbox_default\\\/garmin-r10.jpg&quot;,&quot;width&quot;:1100,&quot;height&quot;:1422},&quot;legend&quot;:&quot;&quot;,&quot;cover&quot;:&quot;1&quot;,&quot;id_image&quot;:&quot;59853&quot;,&quot;position&quot;:&quot;1&quot;,&quot;associatedVariants&quot;:[]},&quot;has_discount&quot;:false,&quot;discount_type&quot;:null,&quot;discount_percentage&quot;:null,&quot;discount_percentage_absolute&quot;:null,&quot;discount_amount&quot;:null,&quot;discount_amount_to_display&quot;:null,&quot;price_amount&quot;:599,&quot;unit_price_full&quot;:&quot;&quot;,&quot;show_availability&quot;:false,&quot;availability_message&quot;:null,&quot;availability_date&quot;:null,&quot;availability&quot;:null}\">\n<p>Garmin Approach R10 Approach R10 es el nuevo monitor de golf peque\u00f1o y compacto para simular en interiores y analizar tu juego. Registra m\u00e9tricas y graba tus golpes para mejorar el swing. Juega d\u00f3nde quieras con el simulador y participa en torneos semanales con la app Garmin Golf\u2122 en m\u00e1s de 42.000 campos. Modo entrenamiento Registra las estad\u00edsticas de cada palo y muestra una tabla de dispersi\u00f3n de golpes basada en el lanzamiento estimado de la pelota. F\u00e1cil de transportar Mejora tu juego en cualquier lugar y en cualquier \u00e9poca del a\u00f1o. Approach R10 es f\u00e1cil de transportar, desde el interior de tu casa al patio exterior e incluso al campo de golf. Tr\u00edpode Sit\u00faa Approach R10 por encima de la superficie de impacto y de forma que la cara del dispositivo tenga un \u00e1ngulo de 20 grados con respecto a la vertical para una mejor precisi\u00f3n Soporte de montaje El soporte para tel\u00e9fono incluido se puede colocar f\u00e1cilmente en tu bolsa de golf para visualizar mejor tus estad\u00edsticas y para que puedas interactuar de manera m\u00e1s sencilla con la app Garmin Golf. F\u00e1cil de usar \u2022 Solamente un bot\u00f3n de encendido \u2022 Dos LEDs indican el estado de bater\u00eda y conexi\u00f3n \u2022 Bluetooth para vincular con Garmin Golf App \u2022 Puerto USB cubierto para resistencia al agua IPX 7 \u2022 10 horas de autonom\u00eda M\u00e9tricas de golf Mejora tu juego con m\u00e1s de 12 m\u00e9tricas de golf. Env\u00eda toda la informaci\u00f3n en tiempo real para tener un conocimiento de tu juego en directo. \u2022 Velocidad de la cabeza del palo \u2022 \u00c1ngulo de la cara del palo \u2022 \u00c1ngulo de trayectoria del palo \u2022 \u00c1ngulo de ataque \u2022 Velocidad de la bola \u2022 \u00c1ngulo de lanzamiento \u2022 Direcci\u00f3n de lanzamiento \u2022 Eje de giro \u2022 Velocidad de giro \u2022 Altura de la bola \u2022 Eficiencia de golpeo \u2022 Distancia de vuelo \u2022 Distancia total \u2022 Distancia de desviaci\u00f3n V\u00eddeos Analiza tu propio Swing con los v\u00eddeos grabados y visual\u00edzalos desde tu Smartphone compatible. Caracter\u00edsticas Modo entrenamiento Registra las estad\u00edsticas de cada palo y muestra una tabla de dispersi\u00f3n de golpes basada en el lanzamiento estimado de la pelota. M\u00e1s de 42.000 mapas de golf en 3D de todo el mundo Juega virtualmente en m\u00e1s de 42.000 campos de golf en 3D de todo el mundo, participa en un torneos semanales y clasif\u00edcate a nivel mundial en la app Garmin Golf \u2122. Compatible con m\u00faltiples plataformas Juega desde tu Smartphone o Tablet desde la App Garmin Golf, compatible con iOS y Android A trav\u00e9s de AirPlay con Apple TV para iOS o Chromecast para Android podr\u00e1s jugar desde tu televisi\u00f3n Conecta Approach R10 para jugar en aplicaciones de terceros Approach R10 es compatible con E6 CONNECT. Juega cuando quieras en tus campos favoritos. Versiones disponibles para PC e iOS. Los primeros 5 campos son gratuitos con la versi\u00f3n de iOS.<\/p>\n<div class=\"product-out-of-stock\"><\/div>\n<\/div>\n<\/div>\n<\/div>\n<div id=\"extra-0\" class=\"tab-pane in \">\n<div id=\"iqit-reviews\">\n<div id=\"iqit-reviews-top\">\n<div class=\"row justify-content-between align-items-center\">\n<div class=\"col mb-3\">\n<div id=\"iqitreviews-snippet\"><\/div>\n<\/div>\n<\/div>\n<\/div>\n<\/div>\n<\/div>\n","protected":false},"excerpt":{"rendered":"<p>Con el monitor de lanzamiento port\u00e1til Approach R10, peque\u00f1o y f\u00e1cil de transportar, podr\u00e1s llevar el campo encima<\/p>\n<p><strong>Reservalo por telefono<\/strong><\/p>\n<p><img loading=\"lazy\" decoding=\"async\" class=\"alignnone size-full wp-image-1413 aligncenter\" src=\"https:\/\/www.golfcenteralmeria.com\/wp-content\/uploads\/2021\/10\/Screenshot_2020-07-11-Golf-Center-Almeria-Tienda-online-de-Golf.png\" alt=\"\" width=\"267\" height=\"154\" \/><\/p>\n<p>&nbsp;<\/p>\n","protected":false},"featured_media":1884,"comment_status":"open","ping_status":"closed","template":"","meta":[],"product_brand":[],"product_cat":[76],"product_tag":[],"class_list":{"0":"post-1883","1":"product","2":"type-product","3":"status-publish","4":"has-post-thumbnail","6":"product_cat-gps-y-medidores","7":"pa_marca-garmin","9":"first","10":"outofstock","11":"taxable","12":"shipping-taxable","13":"purchasable","14":"product-type-simple"},"jetpack-related-posts":[],"jetpack_sharing_enabled":true,"_links":{"self":[{"href":"https:\/\/www.golfcenteralmeria.com\/index.php?rest_route=\/wp\/v2\/product\/1883","targetHints":{"allow":["GET"]}}],"collection":[{"href":"https:\/\/www.golfcenteralmeria.com\/index.php?rest_route=\/wp\/v2\/product"}],"about":[{"href":"https:\/\/www.golfcenteralmeria.com\/index.php?rest_route=\/wp\/v2\/types\/product"}],"replies":[{"embeddable":true,"href":"https:\/\/www.golfcenteralmeria.com\/index.php?rest_route=%2Fwp%2Fv2%2Fcomments&post=1883"}],"wp:featuredmedia":[{"embeddable":true,"href":"https:\/\/www.golfcenteralmeria.com\/index.php?rest_route=\/wp\/v2\/media\/1884"}],"wp:attachment":[{"href":"https:\/\/www.golfcenteralmeria.com\/index.php?rest_route=%2Fwp%2Fv2%2Fmedia&parent=1883"}],"wp:term":[{"taxonomy":"product_brand","embeddable":true,"href":"https:\/\/www.golfcenteralmeria.com\/index.php?rest_route=%2Fwp%2Fv2%2Fproduct_brand&post=1883"},{"taxonomy":"product_cat","embeddable":true,"href":"https:\/\/www.golfcenteralmeria.com\/index.php?rest_route=%2Fwp%2Fv2%2Fproduct_cat&post=1883"},{"taxonomy":"product_tag","embeddable":true,"href":"https:\/\/www.golfcenteralmeria.com\/index.php?rest_route=%2Fwp%2Fv2%2Fproduct_tag&post=1883"}],"curies":[{"name":"wp","href":"https:\/\/api.w.org\/{rel}","templated":true}]}}