{"id":1861,"date":"2022-04-28T17:24:18","date_gmt":"2022-04-28T17:24:18","guid":{"rendered":"https:\/\/www.golfcenteralmeria.com\/?post_type=product&#038;p=1861"},"modified":"2022-04-28T17:24:18","modified_gmt":"2022-04-28T17:24:18","slug":"driver-ping-prodi-g-junior","status":"publish","type":"product","link":"https:\/\/www.golfcenteralmeria.com\/?product=driver-ping-prodi-g-junior","title":{"rendered":"Driver Ping Prodi G Junior"},"content":{"rendered":"<p><strong>Driver Ping Prodi G Junior<\/strong>. Los ni\u00f1os pueden agregar 15 yardas desde el tee al driver junior de mayor venta con este driver de titanio de 460cc m\u00e1s aerodin\u00e1mico y m\u00e1s tolerante. Ofrece turbuladores de corona que inducen la velocidad, perd\u00f3n de la tecnolog\u00eda de la lib\u00e9lula y un eje de grafito ligero para ayudar a generar energ\u00eda.<\/p>\n","protected":false},"excerpt":{"rendered":"<p><strong>Driver Ping Prodi G Junior<\/strong>. Los ni\u00f1os pueden agregar 15 yardas desde el tee al driver junior de mayor venta con este driver de titanio de 460cc m\u00e1s aerodin\u00e1mico y m\u00e1s tolerante. Ofrece turbuladores de corona que inducen la velocidad, perd\u00f3n de la tecnolog\u00eda de la lib\u00e9lula y un eje de grafito ligero para ayudar a generar energ\u00eda.<\/p>\n<p><strong>Disponible en nuestra tienda f\u00edsica o en venta telef\u00f3nica<\/strong><\/p>\n<p><img loading=\"lazy\" decoding=\"async\" class=\"alignnone size-full wp-image-1413\" src=\"https:\/\/www.golfcenteralmeria.com\/wp-content\/uploads\/2021\/10\/Screenshot_2020-07-11-Golf-Center-Almeria-Tienda-online-de-Golf.png\" alt=\"\" width=\"267\" height=\"154\" \/><\/p>\n","protected":false},"featured_media":1863,"comment_status":"open","ping_status":"closed","template":"","meta":[],"product_brand":[],"product_cat":[77,78,122,123],"product_tag":[],"class_list":{"0":"post-1861","1":"product","2":"type-product","3":"status-publish","4":"has-post-thumbnail","6":"product_cat-palos-de-golf","7":"product_cat-drivers","8":"product_cat-infantil","9":"product_cat-palos-junior","10":"pa_marca-ping","12":"first","13":"outofstock","14":"taxable","15":"shipping-taxable","16":"purchasable","17":"product-type-simple"},"jetpack-related-posts":[],"jetpack_sharing_enabled":true,"_links":{"self":[{"href":"https:\/\/www.golfcenteralmeria.com\/index.php?rest_route=\/wp\/v2\/product\/1861","targetHints":{"allow":["GET"]}}],"collection":[{"href":"https:\/\/www.golfcenteralmeria.com\/index.php?rest_route=\/wp\/v2\/product"}],"about":[{"href":"https:\/\/www.golfcenteralmeria.com\/index.php?rest_route=\/wp\/v2\/types\/product"}],"replies":[{"embeddable":true,"href":"https:\/\/www.golfcenteralmeria.com\/index.php?rest_route=%2Fwp%2Fv2%2Fcomments&post=1861"}],"wp:featuredmedia":[{"embeddable":true,"href":"https:\/\/www.golfcenteralmeria.com\/index.php?rest_route=\/wp\/v2\/media\/1863"}],"wp:attachment":[{"href":"https:\/\/www.golfcenteralmeria.com\/index.php?rest_route=%2Fwp%2Fv2%2Fmedia&parent=1861"}],"wp:term":[{"taxonomy":"product_brand","embeddable":true,"href":"https:\/\/www.golfcenteralmeria.com\/index.php?rest_route=%2Fwp%2Fv2%2Fproduct_brand&post=1861"},{"taxonomy":"product_cat","embeddable":true,"href":"https:\/\/www.golfcenteralmeria.com\/index.php?rest_route=%2Fwp%2Fv2%2Fproduct_cat&post=1861"},{"taxonomy":"product_tag","embeddable":true,"href":"https:\/\/www.golfcenteralmeria.com\/index.php?rest_route=%2Fwp%2Fv2%2Fproduct_tag&post=1861"}],"curies":[{"name":"wp","href":"https:\/\/api.w.org\/{rel}","templated":true}]}}